CRAN Package Check Results for Package CytoSimplex

Last updated on 2025-10-22 09:50:30 CEST.

Flavor Version Tinstall Tcheck Ttotal Status Flags
r-devel-linux-x86_64-debian-clang 0.2.0 38.61 217.61 256.22 NOTE
r-devel-linux-x86_64-debian-gcc 0.2.0 29.87 158.62 188.49 NOTE
r-devel-linux-x86_64-fedora-clang 0.2.0 79.00 330.79 409.79 OK
r-devel-linux-x86_64-fedora-gcc 0.2.0 71.00 371.97 442.97 OK
r-devel-windows-x86_64 0.2.0 43.00 206.00 249.00 OK
r-patched-linux-x86_64 0.2.0 42.10 206.30 248.40 OK
r-release-linux-x86_64 0.2.0 42.82 207.80 250.62 OK
r-release-macos-arm64 0.2.0 18.00 119.00 137.00 OK
r-release-macos-x86_64 0.2.0 36.00 212.00 248.00 OK
r-release-windows-x86_64 0.2.0 49.00 208.00 257.00 OK
r-oldrel-macos-arm64 0.2.0 18.00 131.00 149.00 NOTE
r-oldrel-macos-x86_64 0.2.0 29.00 196.00 225.00 NOTE
r-oldrel-windows-x86_64 0.2.0 55.00 274.00 329.00 OK

Check Details

Version: 0.2.0
Check: HTML version of manual
Result: NOTE Found the following HTML validation problems: plotTernary.simMat.html:185:1 (plotTernary.simMat.Rd:102): Warning: missing </ul> before </div> Flavors: r-devel-linux-x86_64-debian-clang, r-devel-linux-x86_64-debian-gcc

Version: 0.2.0
Check: installed package size
Result: NOTE installed size is 5.4Mb sub-directories of 1Mb or more: data 1.5Mb libs 3.1Mb Flavors: r-oldrel-macos-arm64, r-oldrel-macos-x86_64