Last updated on 2025-07-04 09:49:49 CEST.
Flavor | Version | Tinstall | Tcheck | Ttotal | Status | Flags |
---|---|---|---|---|---|---|
r-devel-linux-x86_64-debian-clang | 3.1.6 | 11.68 | 82.72 | 94.40 | NOTE | |
r-devel-linux-x86_64-debian-gcc | 3.1.6 | 8.63 | 59.71 | 68.34 | NOTE | |
r-devel-linux-x86_64-fedora-clang | 3.1.6 | 152.27 | OK | |||
r-devel-linux-x86_64-fedora-gcc | 3.1.6 | 140.02 | OK | |||
r-devel-windows-x86_64 | 3.1.6 | 11.00 | 91.00 | 102.00 | OK | |
r-patched-linux-x86_64 | 3.1.6 | 11.81 | 77.82 | 89.63 | OK | |
r-release-linux-x86_64 | 3.1.6 | 11.25 | 77.84 | 89.09 | OK | |
r-release-macos-arm64 | 3.1.6 | 42.00 | OK | |||
r-release-macos-x86_64 | 3.1.6 | 78.00 | OK | |||
r-release-windows-x86_64 | 3.1.6 | 12.00 | 92.00 | 104.00 | OK | |
r-oldrel-macos-arm64 | 3.1.6 | 38.00 | OK | |||
r-oldrel-macos-x86_64 | 3.1.6 | 60.00 | OK | |||
r-oldrel-windows-x86_64 | 3.1.6 | 16.00 | 109.00 | 125.00 | OK |
Version: 3.1.6
Check: CRAN incoming feasibility
Result: NOTE
Maintainer: ‘Moritz Berger <moritz.berger@imbie.uni-bonn.de>’
No Authors@R field in DESCRIPTION.
Please add one, modifying
Authors@R: person(given = "Moritz",
family = "Berger",
role = c("aut", "cre"),
email = "moritz.berger@imbie.uni-bonn.de")
as necessary.
Flavors: r-devel-linux-x86_64-debian-clang, r-devel-linux-x86_64-debian-gcc