Last updated on 2025-10-22 09:50:31 CEST.
Flavor | Version | Tinstall | Tcheck | Ttotal | Status | Flags |
---|---|---|---|---|---|---|
r-devel-linux-x86_64-debian-clang | 0.1.2 | 49.59 | 34.04 | 83.63 | NOTE | |
r-devel-linux-x86_64-debian-gcc | 0.1.2 | 29.15 | 26.31 | 55.46 | NOTE | |
r-devel-linux-x86_64-fedora-clang | 0.1.2 | 55.00 | 107.56 | 162.56 | OK | |
r-devel-linux-x86_64-fedora-gcc | 0.1.2 | 103.00 | 34.26 | 137.26 | OK | |
r-devel-windows-x86_64 | 0.1.2 | 63.00 | 70.00 | 133.00 | NOTE | |
r-patched-linux-x86_64 | 0.1.2 | 46.49 | 32.29 | 78.78 | NOTE | |
r-release-linux-x86_64 | 0.1.2 | 51.70 | 32.22 | 83.92 | NOTE | |
r-release-macos-arm64 | 0.1.2 | 19.00 | 21.00 | 40.00 | OK | |
r-release-macos-x86_64 | 0.1.2 | 16.00 | 31.00 | 47.00 | OK | |
r-release-windows-x86_64 | 0.1.2 | 63.00 | 72.00 | 135.00 | NOTE | |
r-oldrel-macos-arm64 | 0.1.2 | 20.00 | 18.00 | 38.00 | OK | |
r-oldrel-macos-x86_64 | 0.1.2 | 18.00 | 26.00 | 44.00 | OK | |
r-oldrel-windows-x86_64 | 0.1.2 | 74.00 | 91.00 | 165.00 | OK |
Version: 0.1.2
Check: Rd cross-references
Result: NOTE
Found the following Rd file(s) with Rd \link{} targets missing package
anchors:
EstimateDMQ.rd: DEoptim
fn.DEoptim.Rd: DEoptim
fn.solnp.Rd: solnp
Please provide package anchors for all Rd \link{} targets not in the
package itself and the base packages.
Flavors: r-devel-linux-x86_64-debian-clang, r-devel-linux-x86_64-debian-gcc, r-devel-windows-x86_64, r-patched-linux-x86_64, r-release-linux-x86_64, r-release-windows-x86_64