Last updated on 2025-10-22 09:50:31 CEST.
Flavor | Version | Tinstall | Tcheck | Ttotal | Status | Flags |
---|---|---|---|---|---|---|
r-devel-linux-x86_64-debian-clang | 1.4.1 | 5.95 | 48.09 | 54.04 | NOTE | |
r-devel-linux-x86_64-debian-gcc | 1.4.1 | 3.63 | 34.43 | 38.06 | NOTE | |
r-devel-linux-x86_64-fedora-clang | 1.4.1 | 15.00 | 62.69 | 77.69 | OK | |
r-devel-linux-x86_64-fedora-gcc | 1.4.1 | 14.00 | 60.54 | 74.54 | OK | |
r-devel-windows-x86_64 | 1.4.1 | 8.00 | 66.00 | 74.00 | OK | |
r-patched-linux-x86_64 | 1.4.1 | 6.24 | 43.41 | 49.65 | OK | |
r-release-linux-x86_64 | 1.4.1 | 5.81 | 43.33 | 49.14 | OK | |
r-release-macos-arm64 | 1.4.1 | 3.00 | 24.00 | 27.00 | OK | |
r-release-macos-x86_64 | 1.4.1 | 5.00 | 42.00 | 47.00 | OK | |
r-release-windows-x86_64 | 1.4.1 | 8.00 | 70.00 | 78.00 | OK | |
r-oldrel-macos-arm64 | 1.4.1 | 3.00 | 28.00 | 31.00 | OK | |
r-oldrel-macos-x86_64 | 1.4.1 | 6.00 | 43.00 | 49.00 | OK | |
r-oldrel-windows-x86_64 | 1.4.1 | 10.00 | 83.00 | 93.00 | OK |
Version: 1.4.1
Check: HTML version of manual
Result: NOTE
Found the following HTML validation problems:
dot-datashield.command.html:54:1 (dot-datashield.command.Rd:14): Warning: missing </ul> before </div>
dot-datashield.command_result.html:55:1 (dot-datashield.command_result.Rd:14): Warning: missing </ul> before </div>
dot-datashield.command_rm.html:50:1 (dot-datashield.command_rm.Rd:12): Warning: missing </ul> before </div>
dot-datashield.commands.html:46:1 (dot-datashield.commands.Rd:10): Warning: missing </ul> before </div>
dot-datashield.commands_rm.html:46:1 (dot-datashield.commands_rm.Rd:10): Warning: missing </ul> before </div>
dot-datashield.methods.html:50:1 (dot-datashield.methods.Rd:12): Warning: missing </ul> before </div>
dot-datashield.profiles.html:46:1 (dot-datashield.profiles.Rd:10): Warning: missing </ul> before </div>
dot-datashield.rm.html:50:1 (dot-datashield.rm.Rd:12): Warning: missing </ul> before </div>
dot-datashield.symbols.html:46:1 (dot-datashield.symbols.Rd:10): Warning: missing </ul> before </div>
dot-datashield.workspace_restore.html:50:1 (dot-datashield.workspace_restore.Rd:12): Warning: missing </ul> before </div>
dot-datashield.workspace_rm.html:50:1 (dot-datashield.workspace_rm.Rd:12): Warning: missing </ul> before </div>
dot-datashield.workspace_save.html:50:1 (dot-datashield.workspace_save.Rd:12): Warning: missing </ul> before </div>
dot-datashield.workspaces.html:46:1 (dot-datashield.workspaces.Rd:10): Warning: missing </ul> before </div>
Flavors: r-devel-linux-x86_64-debian-clang, r-devel-linux-x86_64-debian-gcc