Last updated on 2025-10-22 09:50:31 CEST.
Flavor | Version | Tinstall | Tcheck | Ttotal | Status | Flags |
---|---|---|---|---|---|---|
r-devel-linux-x86_64-debian-clang | 0.3-8 | 16.40 | 167.62 | 184.02 | NOTE | |
r-devel-linux-x86_64-debian-gcc | 0.3-8 | 11.21 | 121.35 | 132.56 | NOTE | |
r-devel-linux-x86_64-fedora-clang | 0.3-8 | 90.00 | 212.11 | 302.11 | OK | |
r-devel-linux-x86_64-fedora-gcc | 0.3-8 | 37.00 | 242.33 | 279.33 | OK | |
r-devel-windows-x86_64 | 0.3-8 | 16.00 | 194.00 | 210.00 | OK | |
r-patched-linux-x86_64 | 0.3-8 | 16.48 | 164.08 | 180.56 | OK | |
r-release-linux-x86_64 | 0.3-8 | 14.56 | 160.38 | 174.94 | OK | |
r-release-macos-arm64 | 0.3-8 | 6.00 | 74.00 | 80.00 | OK | |
r-release-macos-x86_64 | 0.3-8 | 14.00 | 176.00 | 190.00 | OK | |
r-release-windows-x86_64 | 0.3-8 | 19.00 | 203.00 | 222.00 | OK | |
r-oldrel-macos-arm64 | 0.3-8 | 6.00 | 70.00 | 76.00 | OK | |
r-oldrel-macos-x86_64 | 0.3-8 | 12.00 | 147.00 | 159.00 | OK | |
r-oldrel-windows-x86_64 | 0.3-8 | 25.00 | 228.00 | 253.00 | OK |
Version: 0.3-8
Check: HTML version of manual
Result: NOTE
Found the following HTML validation problems:
as_d3_data-DE-method.html:51:1 (as_d3_data-DE-method.Rd:13): Warning: missing </ul> before </div>
plot-DE-missing-method.html:60:1 (plot-DE-missing-method.Rd:18): Warning: missing </ul> before </div>
Flavors: r-devel-linux-x86_64-debian-clang, r-devel-linux-x86_64-debian-gcc