Last updated on 2025-10-22 09:50:30 CEST.
Flavor | Version | Tinstall | Tcheck | Ttotal | Status | Flags |
---|---|---|---|---|---|---|
r-devel-linux-x86_64-debian-clang | 1.1.0 | 7.94 | 65.80 | 73.74 | NOTE | |
r-devel-linux-x86_64-debian-gcc | 1.1.0 | 5.05 | 45.17 | 50.22 | NOTE | |
r-devel-linux-x86_64-fedora-clang | 1.1.0 | 16.00 | 92.17 | 108.17 | OK | |
r-devel-linux-x86_64-fedora-gcc | 1.1.0 | 19.00 | 110.29 | 129.29 | OK | |
r-devel-windows-x86_64 | 1.1.0 | 9.00 | 73.00 | 82.00 | OK | |
r-patched-linux-x86_64 | 1.1.0 | 7.46 | 59.61 | 67.07 | OK | |
r-release-linux-x86_64 | 1.1.0 | 6.33 | 59.71 | 66.04 | OK | |
r-release-macos-arm64 | 1.1.0 | 3.00 | 32.00 | 35.00 | OK | |
r-release-macos-x86_64 | 1.1.0 | 5.00 | 55.00 | 60.00 | OK | |
r-release-windows-x86_64 | 1.1.0 | 9.00 | 74.00 | 83.00 | OK | |
r-oldrel-macos-arm64 | 1.1.0 | 3.00 | 38.00 | 41.00 | OK | |
r-oldrel-macos-x86_64 | 1.1.0 | 6.00 | 54.00 | 60.00 | OK | |
r-oldrel-windows-x86_64 | 1.1.0 | 12.00 | 89.00 | 101.00 | OK |
Version: 1.1.0
Check: HTML version of manual
Result: NOTE
Found the following HTML validation problems:
DR.html:48:1 (DR.Rd:11): Warning: missing </ul> before </div>
DR_SVC.html:46:1 (DR_SVC.Rd:10): Warning: missing </ul> before </div>
DR_boxplot.html:46:1 (DR_boxplot.Rd:10): Warning: missing </ul> before </div>
DR_plot.html:46:1 (DR_plot.Rd:10): Warning: missing </ul> before </div>
DR_stats.html:46:1 (DR_stats.Rd:10): Warning: missing </ul> before </div>
Flavors: r-devel-linux-x86_64-debian-clang, r-devel-linux-x86_64-debian-gcc