Last updated on 2025-10-21 09:48:29 CEST.
Flavor | Version | Tinstall | Tcheck | Ttotal | Status | Flags |
---|---|---|---|---|---|---|
r-devel-linux-x86_64-debian-clang | 0.2.1 | 4.58 | 29.43 | 34.01 | OK | |
r-devel-linux-x86_64-debian-gcc | 0.2.1 | 4.00 | 23.03 | 27.03 | NOTE | |
r-devel-linux-x86_64-fedora-clang | 0.2.1 | 50.74 | OK | |||
r-devel-linux-x86_64-fedora-gcc | 0.2.1 | 49.14 | OK | |||
r-devel-windows-x86_64 | 0.2.1 | 7.00 | 47.00 | 54.00 | OK | |
r-patched-linux-x86_64 | 0.2.1 | 5.46 | 27.89 | 33.35 | OK | |
r-release-linux-x86_64 | 0.2.1 | 5.00 | 28.17 | 33.17 | OK | |
r-release-macos-arm64 | 0.2.1 | 20.00 | OK | |||
r-release-macos-x86_64 | 0.2.1 | 30.00 | OK | |||
r-release-windows-x86_64 | 0.2.1 | 6.00 | 50.00 | 56.00 | OK | |
r-oldrel-macos-arm64 | 0.2.1 | 24.00 | OK | |||
r-oldrel-macos-x86_64 | 0.2.1 | 30.00 | OK | |||
r-oldrel-windows-x86_64 | 0.2.1 | 9.00 | 56.00 | 65.00 | OK |
Version: 0.2.1
Check: HTML version of manual
Result: NOTE
Found the following HTML validation problems:
DiscreteTestResults.html:174:1 (DiscreteTestResults.Rd:163): Warning: <h5> anchor "Usage" already defined
DiscreteTestResults.html:180:1 (DiscreteTestResults.Rd:167): Warning: <h5> anchor "Arguments" already defined
DiscreteTestResults.html:211:1 (DiscreteTestResults.Rd:184): Warning: <h5> anchor "Usage" already defined
DiscreteTestResults.html:217:1 (DiscreteTestResults.Rd:188): Warning: <h5> anchor "Arguments" already defined
DiscreteTestResults.html:233:1 (DiscreteTestResults.Rd:198): Warning: <h5> anchor "Returns" already defined
DiscreteTestResults.html:257:1 (DiscreteTestResults.Rd:214): Warning: <h5> anchor "Usage" already defined
DiscreteTestResults.html:263:1 (DiscreteTestResults.Rd:218): Warning: <h5> anchor "Arguments" already defined
DiscreteTestResults.html:278:1 (DiscreteTestResults.Rd:227): Warning: <h5> anchor "Returns" already defined
DiscreteTestResults.html:297:1 (DiscreteTestResults.Rd:238): Warning: <h5> anchor "Usage" already defined
DiscreteTestResults.html:303:1 (DiscreteTestResults.Rd:242): Warning: <h5> anchor "Returns" already defined
DiscreteTestResults.html:322:1 (DiscreteTestResults.Rd:253): Warning: <h5> anchor "Usage" already defined
DiscreteTestResults.html:335:1 (DiscreteTestResults.Rd:264): Warning: <h5> anchor "Arguments" already defined
DiscreteTestResults.html:368:1 (DiscreteTestResults.Rd:291): Warning: <h5> anchor "Returns" already defined
DiscreteTestResults.html:386:1 (DiscreteTestResults.Rd:301): Warning: <h5> anchor "Usage" already defined
DiscreteTestResults.html:392:1 (DiscreteTestResults.Rd:305): Warning: <h5> anchor "Arguments" already defined
DiscreteTestResultsSummary.html:96:1 (DiscreteTestResultsSummary.Rd:56): Warning: <h5> anchor "Usage" already defined
DiscreteTestResultsSummary.html:119:1 (DiscreteTestResultsSummary.Rd:69): Warning: <h5> anchor "Usage" already defined
DiscreteTestResultsSummary.html:125:1 (DiscreteTestResultsSummary.Rd:73): Warning: <h5> anchor "Returns" already defined
DiscreteTestResultsSummary.html:142:1 (DiscreteTestResultsSummary.Rd:82): Warning: <h5> anchor "Usage" already defined
DiscreteTestResultsSummary.html:148:1 (DiscreteTestResultsSummary.Rd:86): Warning: <h5> anchor "Arguments" already defined
DiscreteTestResultsSummary.html:161:1 (DiscreteTestResultsSummary.Rd:93): Warning: <h5> anchor "Returns" already defined
DiscreteTestResultsSummary.html:179:1 (DiscreteTestResultsSummary.Rd:103): Warning: <h5> anchor "Usage" already defined
DiscreteTestResultsSummary.html:185:1 (DiscreteTestResultsSummary.Rd:107): Warning: <h5> anchor "Arguments" already defined
Flavor: r-devel-linux-x86_64-debian-gcc