CRAN Package Check Results for Package Distributacalcul

Last updated on 2025-10-22 09:50:31 CEST.

Flavor Version Tinstall Tcheck Ttotal Status Flags
r-devel-linux-x86_64-debian-clang 0.4.0 4.12 37.58 41.70 OK
r-devel-linux-x86_64-debian-gcc 0.4.0 3.18 27.90 31.08 OK
r-devel-linux-x86_64-fedora-clang 0.4.0 29.00 34.93 63.93 NOTE
r-devel-linux-x86_64-fedora-gcc 0.4.0 56.57 NOTE
r-devel-windows-x86_64 0.4.0 6.00 57.00 63.00 OK
r-patched-linux-x86_64 0.4.0 5.18 33.82 39.00 OK
r-release-linux-x86_64 0.4.0 4.18 33.78 37.96 OK
r-release-macos-arm64 0.4.0 3.00 23.00 26.00 OK
r-release-macos-x86_64 0.4.0 6.00 33.00 39.00 OK
r-release-windows-x86_64 0.4.0 8.00 59.00 67.00 OK
r-oldrel-macos-arm64 0.4.0 2.00 20.00 22.00 OK
r-oldrel-macos-x86_64 0.4.0 3.00 28.00 31.00 OK
r-oldrel-windows-x86_64 0.4.0 8.00 67.00 75.00 OK

Check Details

Version: 0.4.0
Check: dependencies in R code
Result: NOTE Namespaces in Imports field not imported from: ‘dplyr’ ‘rlang’ All declared Imports should be used. Flavors: r-devel-linux-x86_64-fedora-clang, r-devel-linux-x86_64-fedora-gcc