Last updated on 2025-10-22 09:50:31 CEST.
Flavor | Version | Tinstall | Tcheck | Ttotal | Status | Flags |
---|---|---|---|---|---|---|
r-devel-linux-x86_64-debian-clang | 0.2.3 | 6.77 | 76.40 | 83.17 | NOTE | |
r-devel-linux-x86_64-debian-gcc | 0.2.3 | 5.59 | 57.69 | 63.28 | NOTE | |
r-devel-linux-x86_64-fedora-clang | 0.3.0 | 79.97 | OK | |||
r-devel-linux-x86_64-fedora-gcc | 0.3.0 | 82.26 | OK | |||
r-devel-windows-x86_64 | 0.2.3 | 9.00 | 99.00 | 108.00 | NOTE | |
r-patched-linux-x86_64 | 0.2.3 | 6.95 | 71.64 | 78.59 | NOTE | |
r-release-linux-x86_64 | 0.2.3 | 6.96 | 71.64 | 78.60 | NOTE | |
r-release-macos-arm64 | 0.3.0 | 4.00 | 36.00 | 40.00 | OK | |
r-release-macos-x86_64 | 0.3.0 | 4.00 | 44.00 | 48.00 | OK | |
r-release-windows-x86_64 | 0.2.3 | 8.00 | 104.00 | 112.00 | NOTE | |
r-oldrel-macos-arm64 | 0.3.0 | 4.00 | 40.00 | 44.00 | OK | |
r-oldrel-macos-x86_64 | 0.3.0 | 4.00 | 50.00 | 54.00 | OK | |
r-oldrel-windows-x86_64 | 0.2.3 | 11.00 | 112.00 | 123.00 | NOTE |
Version: 0.2.3
Check: Rd files
Result: NOTE
checkRd: (-1) py_select_interpreter.Rd:5: Lost braces; missing escapes or markup?
5 | \title{Tell {reticulate} to use Python Conda version available on Domino Data Lab.}
| ^
Flavors: r-devel-linux-x86_64-debian-clang, r-devel-linux-x86_64-debian-gcc, r-devel-windows-x86_64, r-patched-linux-x86_64, r-release-linux-x86_64, r-release-windows-x86_64, r-oldrel-windows-x86_64