Last updated on 2025-10-24 09:50:00 CEST.
| Flavor | Version | Tinstall | Tcheck | Ttotal | Status | Flags |
|---|---|---|---|---|---|---|
| r-devel-linux-x86_64-debian-clang | 0.1 | 2.31 | 21.39 | 23.70 | NOTE | |
| r-devel-linux-x86_64-debian-gcc | 0.1 | 1.50 | 17.86 | 19.36 | NOTE | |
| r-devel-linux-x86_64-fedora-clang | 0.1 | 34.45 | OK | |||
| r-devel-linux-x86_64-fedora-gcc | 0.1 | 33.03 | OK | |||
| r-devel-windows-x86_64 | 0.1 | 4.00 | 40.00 | 44.00 | OK | |
| r-patched-linux-x86_64 | 0.1 | 1.89 | 20.19 | 22.08 | OK | |
| r-release-linux-x86_64 | 0.1 | 2.18 | 20.27 | 22.45 | OK | |
| r-release-macos-arm64 | 0.1 | 2.00 | 17.00 | 19.00 | OK | |
| r-release-macos-x86_64 | 0.1 | 2.00 | 25.00 | 27.00 | OK | |
| r-release-windows-x86_64 | 0.1 | 4.00 | 44.00 | 48.00 | OK | |
| r-oldrel-macos-arm64 | 0.1 | 1.00 | 15.00 | 16.00 | OK | |
| r-oldrel-macos-x86_64 | 0.1 | 2.00 | 20.00 | 22.00 | OK | |
| r-oldrel-windows-x86_64 | 0.1 | 4.00 | 45.00 | 49.00 | OK |
Version: 0.1
Check: CRAN incoming feasibility
Result: NOTE
Maintainer: ‘Hanbing Yang <hanbingflying@sina.com>’
No Authors@R field in DESCRIPTION.
Please add one, modifying
Authors@R: person(given = "Hanbing",
family = "Yang",
role = c("aut", "cre"),
email = "hanbingflying@sina.com")
as necessary.
Flavors: r-devel-linux-x86_64-debian-clang, r-devel-linux-x86_64-debian-gcc