Last updated on 2025-10-22 09:50:31 CEST.
Flavor | Version | Tinstall | Tcheck | Ttotal | Status | Flags |
---|---|---|---|---|---|---|
r-devel-linux-x86_64-debian-clang | 1.0.4 | 7.37 | 652.70 | 660.07 | NOTE | |
r-devel-linux-x86_64-debian-gcc | 1.0.4 | 5.18 | 436.42 | 441.60 | NOTE | |
r-devel-linux-x86_64-fedora-clang | 1.0.4 | 44.00 | 1072.64 | 1116.64 | OK | |
r-devel-linux-x86_64-fedora-gcc | 1.0.4 | 15.00 | 963.74 | 978.74 | OK | |
r-devel-windows-x86_64 | 1.0.4 | 9.00 | 384.00 | 393.00 | OK | |
r-patched-linux-x86_64 | 1.0.4 | 8.21 | 636.94 | 645.15 | OK | |
r-release-linux-x86_64 | 1.0.4 | 4.74 | 621.53 | 626.27 | OK | |
r-release-macos-arm64 | 1.0.4 | 4.00 | 231.00 | 235.00 | OK | |
r-release-macos-x86_64 | 1.0.4 | 5.00 | 241.00 | 246.00 | OK | |
r-release-windows-x86_64 | 1.0.4 | 10.00 | 386.00 | 396.00 | OK | |
r-oldrel-macos-arm64 | 1.0.4 | 4.00 | 182.00 | 186.00 | OK | |
r-oldrel-macos-x86_64 | 1.0.4 | 6.00 | 283.00 | 289.00 | OK | |
r-oldrel-windows-x86_64 | 1.0.4 | 13.00 | 583.00 | 596.00 | OK |
Version: 1.0.4
Check: HTML version of manual
Result: NOTE
Found the following HTML validation problems:
cdmDoc.html:40:1 (cdmDoc.Rd:7): Warning: missing </ul> before </div>
censorDateDoc.html:41:1 (censorDateDoc.Rd:8): Warning: missing </ul> before </div>
cohortDoc.html:40:1 (cohortDoc.Rd:7): Warning: missing </ul> before </div>
cohortIdDoc.html:41:1 (cohortIdDoc.Rd:8): Warning: missing </ul> before </div>
compNameDoc.html:41:1 (compNameDoc.Rd:8): Warning: missing </ul> before </div>
conceptSetDoc.html:40:1 (conceptSetDoc.Rd:7): Warning: missing </ul> before </div>
daysPrescribedDoc.html:41:1 (daysPrescribedDoc.Rd:8): Warning: missing </ul> before </div>
drugUtilisationDoc.html:94:1 (drugUtilisationDoc.Rd:40): Warning: missing </ul> before </div>
gapEraDoc.html:41:1 (gapEraDoc.Rd:8): Warning: missing </ul> before </div>
indexDateDoc.html:41:1 (indexDateDoc.Rd:8): Warning: missing </ul> before </div>
ingredientConceptIdDoc.html:41:1 (ingredientConceptIdDoc.Rd:8): Warning: missing </ul> before </div>
nameStyleDoc.html:40:1 (nameStyleDoc.Rd:7): Warning: missing </ul> before </div>
newNameDoc.html:41:1 (newNameDoc.Rd:8): Warning: missing </ul> before </div>
numberExposuresDoc.html:41:1 (numberExposuresDoc.Rd:8): Warning: missing </ul> before </div>
plotDoc.html:47:1 (plotDoc.Rd:12): Warning: missing </ul> before </div>
restrictIncidentDoc.html:42:1 (restrictIncidentDoc.Rd:9): Warning: missing </ul> before </div>
resultDoc.html:40:1 (resultDoc.Rd:7): Warning: missing </ul> before </div>
strataDoc.html:41:1 (strataDoc.Rd:8): Warning: missing </ul> before </div>
tableDoc.html:62:1 (tableDoc.Rd:21): Warning: missing </ul> before </div>
Flavors: r-devel-linux-x86_64-debian-clang, r-devel-linux-x86_64-debian-gcc