Last updated on 2025-10-22 09:50:31 CEST.
Flavor | Version | Tinstall | Tcheck | Ttotal | Status | Flags |
---|---|---|---|---|---|---|
r-devel-linux-x86_64-debian-clang | 0.1.0 | 18.99 | 289.06 | 308.05 | OK | |
r-devel-linux-x86_64-debian-gcc | 0.1.0 | 15.15 | 209.66 | 224.81 | OK | |
r-devel-linux-x86_64-fedora-clang | 0.1.0 | 144.00 | 292.30 | 436.30 | WARN | |
r-devel-linux-x86_64-fedora-gcc | 0.1.0 | 115.00 | 341.32 | 456.32 | OK | |
r-devel-windows-x86_64 | 0.1.0 | 22.00 | 311.00 | 333.00 | OK | |
r-patched-linux-x86_64 | 0.1.0 | 19.85 | 265.86 | 285.71 | OK | |
r-release-linux-x86_64 | 0.1.0 | 19.56 | 264.67 | 284.23 | OK | |
r-release-macos-arm64 | 0.1.0 | 7.00 | 107.00 | 114.00 | OK | |
r-release-macos-x86_64 | 0.1.0 | 16.00 | 207.00 | 223.00 | OK | |
r-release-windows-x86_64 | 0.1.0 | 22.00 | 319.00 | 341.00 | OK | |
r-oldrel-macos-arm64 | 0.1.0 | 5.00 | 100.00 | 105.00 | OK | |
r-oldrel-macos-x86_64 | 0.1.0 | 16.00 | 218.00 | 234.00 | OK | |
r-oldrel-windows-x86_64 | 0.1.0 | 28.00 | 429.00 | 457.00 | OK |
Version: 0.1.0
Check: replacement functions
Result: WARN
Failed to query server: Connection timed out
The argument of a replacement function which corresponds to the right
hand side must be named ‘value’.
Flavor: r-devel-linux-x86_64-fedora-clang
Version: 0.1.0
Check: foreign function calls
Result: NOTE
Failed to query server: Connection timed out
See chapter ‘System and foreign language interfaces’ in the ‘Writing R
Extensions’ manual.
Flavor: r-devel-linux-x86_64-fedora-clang