Last updated on 2025-10-22 09:50:31 CEST.
Flavor | Version | Tinstall | Tcheck | Ttotal | Status | Flags |
---|---|---|---|---|---|---|
r-devel-linux-x86_64-debian-clang | 1.0 | 5.82 | 53.60 | 59.42 | OK | |
r-devel-linux-x86_64-debian-gcc | 1.0 | 4.83 | 41.26 | 46.09 | OK | |
r-devel-linux-x86_64-fedora-clang | 1.0 | 14.00 | 75.25 | 89.25 | OK | |
r-devel-linux-x86_64-fedora-gcc | 1.0 | 13.00 | 73.59 | 86.59 | OK | |
r-devel-windows-x86_64 | 1.0 | 7.00 | 62.00 | 69.00 | OK | |
r-patched-linux-x86_64 | 1.0 | 6.87 | 51.70 | 58.57 | OK | |
r-release-linux-x86_64 | 1.0 | 6.05 | 52.17 | 58.22 | OK | |
r-release-macos-arm64 | 1.0 | 3.00 | 28.00 | 31.00 | OK | |
r-release-macos-x86_64 | 1.0 | 10.00 | 62.00 | 72.00 | OK | |
r-release-windows-x86_64 | 1.0 | 7.00 | 64.00 | 71.00 | OK | |
r-oldrel-macos-arm64 | 1.0 | 3.00 | 26.00 | 29.00 | NOTE | |
r-oldrel-macos-x86_64 | 1.0 | 4.00 | 39.00 | 43.00 | NOTE | |
r-oldrel-windows-x86_64 | 1.0 | 9.00 | 80.00 | 89.00 | NOTE |
Version: 1.0
Check: LazyData
Result: NOTE
'LazyData' is specified without a 'data' directory
Flavors: r-oldrel-macos-arm64, r-oldrel-macos-x86_64, r-oldrel-windows-x86_64