Last updated on 2025-10-22 09:50:32 CEST.
Flavor | Version | Tinstall | Tcheck | Ttotal | Status | Flags |
---|---|---|---|---|---|---|
r-devel-linux-x86_64-debian-clang | 0.1.0 | 12.84 | 115.21 | 128.05 | OK | |
r-devel-linux-x86_64-debian-gcc | 0.1.0 | 9.81 | 81.38 | 91.19 | OK | |
r-devel-linux-x86_64-fedora-clang | 0.1.0 | 66.00 | 141.89 | 207.89 | NOTE | |
r-devel-linux-x86_64-fedora-gcc | 0.1.0 | 54.00 | 147.54 | 201.54 | NOTE | |
r-devel-windows-x86_64 | 0.1.0 | 15.00 | 107.00 | 122.00 | OK | |
r-patched-linux-x86_64 | 0.1.0 | 11.13 | 109.47 | 120.60 | OK | |
r-release-linux-x86_64 | 0.1.0 | 10.82 | 107.25 | 118.07 | OK | |
r-release-macos-arm64 | 0.1.0 | 5.00 | 38.00 | 43.00 | OK | |
r-release-macos-x86_64 | 0.1.0 | 11.00 | 78.00 | 89.00 | OK | |
r-release-windows-x86_64 | 0.1.0 | 15.00 | 108.00 | 123.00 | OK | |
r-oldrel-macos-arm64 | 0.1.0 | 6.00 | 41.00 | 47.00 | OK | |
r-oldrel-macos-x86_64 | 0.1.0 | 8.00 | 78.00 | 86.00 | OK | |
r-oldrel-windows-x86_64 | 0.1.0 | 20.00 | 147.00 | 167.00 | OK |
Version: 0.1.0
Check: dependencies in R code
Result: NOTE
Namespaces in Imports field not imported from:
‘reticulate’ ‘tensorflow’
All declared Imports should be used.
Flavors: r-devel-linux-x86_64-fedora-clang, r-devel-linux-x86_64-fedora-gcc