Last updated on 2025-10-22 09:50:32 CEST.
Flavor | Version | Tinstall | Tcheck | Ttotal | Status | Flags |
---|---|---|---|---|---|---|
r-devel-linux-x86_64-debian-clang | 3.2.1 | 92.89 | 334.48 | 427.37 | NOTE | |
r-devel-linux-x86_64-debian-gcc | 3.2.1 | 65.56 | 213.68 | 279.24 | NOTE | |
r-devel-linux-x86_64-fedora-clang | 3.2.1 | 169.00 | 541.08 | 710.08 | OK | |
r-devel-linux-x86_64-fedora-gcc | 3.2.1 | 136.00 | 577.90 | 713.90 | OK | |
r-devel-windows-x86_64 | 3.2.1 | 104.00 | 333.00 | 437.00 | OK | |
r-patched-linux-x86_64 | 3.2.1 | 99.56 | 322.71 | 422.27 | OK | |
r-release-linux-x86_64 | 3.2.1 | 93.45 | 317.04 | 410.49 | OK | |
r-release-macos-arm64 | 3.2.1 | 36.00 | 113.00 | 149.00 | OK | |
r-release-macos-x86_64 | 3.2.1 | 48.00 | 313.00 | 361.00 | OK | |
r-release-windows-x86_64 | 3.2.1 | 113.00 | 356.00 | 469.00 | OK | |
r-oldrel-macos-arm64 | 3.2.1 | 37.00 | 117.00 | 154.00 | NOTE | |
r-oldrel-macos-x86_64 | 3.2.1 | 50.00 | 272.00 | 322.00 | NOTE | |
r-oldrel-windows-x86_64 | 3.2.1 | 132.00 | 472.00 | 604.00 | NOTE |
Version: 3.2.1
Check: HTML version of manual
Result: NOTE
Found the following HTML validation problems:
auto_thin.html:61:1 (auto_thin.Rd:19): Warning: missing </ul> before </div>
factor_diagram.html:110:1 (factor_diagram.Rd:49): Warning: missing </ul> before </div>
Flavors: r-devel-linux-x86_64-debian-clang, r-devel-linux-x86_64-debian-gcc
Version: 3.2.1
Check: installed package size
Result: NOTE
installed size is 11.6Mb
sub-directories of 1Mb or more:
doc 3.1Mb
libs 6.9Mb
Flavors: r-oldrel-macos-arm64, r-oldrel-macos-x86_64, r-oldrel-windows-x86_64