Last updated on 2025-10-22 09:50:32 CEST.
Flavor | Version | Tinstall | Tcheck | Ttotal | Status | Flags |
---|---|---|---|---|---|---|
r-devel-linux-x86_64-debian-clang | 4.1.4 | 12.52 | 150.48 | 163.00 | NOTE | |
r-devel-linux-x86_64-debian-gcc | 4.1.4 | 8.36 | 103.64 | 112.00 | NOTE | |
r-devel-linux-x86_64-fedora-clang | 4.1.4 | 27.00 | 218.13 | 245.13 | OK | |
r-devel-linux-x86_64-fedora-gcc | 4.1.4 | 26.00 | 219.76 | 245.76 | OK | |
r-devel-windows-x86_64 | 4.1.4 | 14.00 | 146.00 | 160.00 | OK | |
r-patched-linux-x86_64 | 4.1.4 | 12.69 | 136.47 | 149.16 | OK | |
r-release-linux-x86_64 | 4.1.4 | 11.09 | 137.27 | 148.36 | OK | |
r-release-macos-arm64 | 4.1.4 | 5.00 | 67.00 | 72.00 | OK | |
r-release-macos-x86_64 | 4.1.4 | 11.00 | 151.00 | 162.00 | OK | |
r-release-windows-x86_64 | 4.1.4 | 15.00 | 147.00 | 162.00 | OK | |
r-oldrel-macos-arm64 | 4.1.4 | 5.00 | 72.00 | 77.00 | OK | |
r-oldrel-macos-x86_64 | 4.1.4 | 12.00 | 150.00 | 162.00 | OK | |
r-oldrel-windows-x86_64 | 4.1.4 | 18.00 | 192.00 | 210.00 | OK |
Version: 4.1.4
Check: HTML version of manual
Result: NOTE
Found the following HTML validation problems:
threshold_selection.html:82:1 (threshold_selection.Rd:34): Warning: missing </ul> before </div>
Flavors: r-devel-linux-x86_64-debian-clang, r-devel-linux-x86_64-debian-gcc