Last updated on 2025-07-04 09:49:50 CEST.
Flavor | Version | Tinstall | Tcheck | Ttotal | Status | Flags |
---|---|---|---|---|---|---|
r-devel-linux-x86_64-debian-clang | 2.2.2 | 46.91 | 33.91 | 80.82 | NOTE | |
r-devel-linux-x86_64-debian-gcc | 2.2.2 | 32.65 | 25.99 | 58.64 | NOTE | |
r-devel-linux-x86_64-fedora-clang | 2.2.2 | 162.86 | OK | |||
r-devel-linux-x86_64-fedora-gcc | 2.2.2 | 139.01 | OK | |||
r-devel-windows-x86_64 | 2.2.2 | 53.00 | 71.00 | 124.00 | OK | |
r-patched-linux-x86_64 | 2.2.2 | 47.74 | 32.05 | 79.79 | OK | |
r-release-linux-x86_64 | 2.2.2 | 47.30 | 31.43 | 78.73 | OK | |
r-release-macos-arm64 | 2.2.2 | 36.00 | OK | |||
r-release-macos-x86_64 | 2.2.2 | 58.00 | OK | |||
r-release-windows-x86_64 | 2.2.2 | 51.00 | 70.00 | 121.00 | OK | |
r-oldrel-macos-arm64 | 2.2.2 | 36.00 | NOTE | |||
r-oldrel-macos-x86_64 | 2.2.2 | 58.00 | NOTE | |||
r-oldrel-windows-x86_64 | 2.2.2 | 62.00 | 83.00 | 145.00 | NOTE |
Version: 2.2.2
Check: CRAN incoming feasibility
Result: NOTE
Maintainer: ‘Meryam Krit <meryam.krit@gmail.com>’
No Authors@R field in DESCRIPTION.
Please add one, modifying
Authors@R: person(given = "Meryam",
family = "Krit",
role = c("aut", "cre"),
email = "meryam.krit@gmail.com")
as necessary.
Flavors: r-devel-linux-x86_64-debian-clang, r-devel-linux-x86_64-debian-gcc
Version: 2.2.2
Check: LazyData
Result: NOTE
'LazyData' is specified without a 'data' directory
Flavors: r-oldrel-macos-arm64, r-oldrel-macos-x86_64, r-oldrel-windows-x86_64