Last updated on 2025-10-23 09:50:43 CEST.
| Flavor | Version | Tinstall | Tcheck | Ttotal | Status | Flags |
|---|---|---|---|---|---|---|
| r-devel-linux-x86_64-debian-clang | 1.2.0 | 17.80 | 86.86 | 104.66 | OK | |
| r-devel-linux-x86_64-debian-gcc | 1.2.0 | 9.60 | 56.74 | 66.34 | OK | |
| r-devel-linux-x86_64-fedora-clang | 1.2.0 | 36.00 | 128.06 | 164.06 | OK | |
| r-devel-linux-x86_64-fedora-gcc | 1.2.0 | 40.00 | 119.56 | 159.56 | OK | |
| r-devel-windows-x86_64 | 1.2.0 | 16.00 | 83.00 | 99.00 | OK | |
| r-patched-linux-x86_64 | 1.2.0 | 14.00 | 80.72 | 94.72 | OK | |
| r-release-linux-x86_64 | 1.2.0 | 14.74 | 81.69 | 96.43 | OK | |
| r-release-macos-arm64 | 1.2.0 | 7.00 | 30.00 | 37.00 | OK | |
| r-release-macos-x86_64 | 1.2.0 | 12.00 | 62.00 | 74.00 | OK | |
| r-release-windows-x86_64 | 1.2.0 | 15.00 | 86.00 | 101.00 | OK | |
| r-oldrel-macos-arm64 | 1.2.0 | 5.00 | 27.00 | 32.00 | NOTE | |
| r-oldrel-macos-x86_64 | 1.2.0 | 10.00 | 49.00 | 59.00 | NOTE | |
| r-oldrel-windows-x86_64 | 1.2.0 | 21.00 | 112.00 | 133.00 | NOTE |
Version: 1.2.0
Check: LazyData
Result: NOTE
'LazyData' is specified without a 'data' directory
Flavors: r-oldrel-macos-arm64, r-oldrel-macos-x86_64, r-oldrel-windows-x86_64