CRAN Package Check Results for Package EmbedSOM

Last updated on 2025-10-22 09:50:32 CEST.

Flavor Version Tinstall Tcheck Ttotal Status Flags
r-devel-linux-x86_64-debian-clang 2.2 25.85 60.54 86.39 NOTE
r-devel-linux-x86_64-debian-gcc 2.2 18.35 44.55 62.90 NOTE
r-devel-linux-x86_64-fedora-clang 2.2 83.00 51.46 134.46 NOTE
r-devel-linux-x86_64-fedora-gcc 2.2 112.00 50.09 162.09 NOTE
r-devel-windows-x86_64 2.2 25.00 127.00 152.00 OK
r-patched-linux-x86_64 2.2 25.72 56.79 82.51 OK
r-release-linux-x86_64 2.2 25.65 56.02 81.67 OK
r-release-macos-arm64 2.2 13.00 50.00 63.00 OK
r-release-macos-x86_64 2.2 26.00 70.00 96.00 OK
r-release-windows-x86_64 2.2 27.00 142.00 169.00 OK
r-oldrel-macos-arm64 2.2 12.00 48.00 60.00 OK
r-oldrel-macos-x86_64 2.2 19.00 64.00 83.00 OK
r-oldrel-windows-x86_64 2.2 31.00 179.00 210.00 OK

Check Details

Version: 2.2
Check: HTML version of manual
Result: NOTE Found the following HTML validation problems: GQTSOM.html:118:1 (GQTSOM.Rd:54): Warning: missing </ul> before </div> PlotData.html:92:1 (PlotData.Rd:40): Warning: missing </ul> before </div> PlotDefault.html:46:1 (PlotDefault.Rd:10): Warning: missing </ul> before </div> Flavors: r-devel-linux-x86_64-debian-clang, r-devel-linux-x86_64-debian-gcc

Version: 2.2
Check: dependencies in R code
Result: NOTE Namespace in Imports field not imported from: ‘Matrix’ All declared Imports should be used. Flavors: r-devel-linux-x86_64-fedora-clang, r-devel-linux-x86_64-fedora-gcc