Last updated on 2025-10-22 09:50:32 CEST.
Flavor | Version | Tinstall | Tcheck | Ttotal | Status | Flags |
---|---|---|---|---|---|---|
r-devel-linux-x86_64-debian-clang | 1.16 | 10.84 | 65.74 | 76.58 | NOTE | |
r-devel-linux-x86_64-debian-gcc | 1.16 | 8.59 | 45.24 | 53.83 | NOTE | |
r-devel-linux-x86_64-fedora-clang | 1.16 | 25.00 | 95.81 | 120.81 | OK | |
r-devel-linux-x86_64-fedora-gcc | 1.16 | 31.00 | 85.84 | 116.84 | OK | |
r-devel-windows-x86_64 | 1.16 | 14.00 | 78.00 | 92.00 | OK | |
r-patched-linux-x86_64 | 1.16 | 13.21 | 61.55 | 74.76 | OK | |
r-release-linux-x86_64 | 1.16 | 10.49 | 62.22 | 72.71 | OK | |
r-release-macos-arm64 | 1.16 | 5.00 | 27.00 | 32.00 | OK | |
r-release-macos-x86_64 | 1.16 | 11.00 | 51.00 | 62.00 | OK | |
r-release-windows-x86_64 | 1.16 | 13.00 | 82.00 | 95.00 | OK | |
r-oldrel-macos-arm64 | 1.16 | 5.00 | 25.00 | 30.00 | OK | |
r-oldrel-macos-x86_64 | 1.16 | 8.00 | 41.00 | 49.00 | OK | |
r-oldrel-windows-x86_64 | 1.16 | 18.00 | 100.00 | 118.00 | OK |
Version: 1.16
Check: CRAN incoming feasibility
Result: NOTE
Maintainer: ‘Danlu Guo <danlu.guo@unimelb.edu.au>’
No Authors@R field in DESCRIPTION.
Please add one, modifying
Authors@R: c(person(given = "Danlu",
family = "Guo",
role = c("aut", "cre"),
email = "danlu.guo@adelaide.edu.au"),
person(given = "Seth",
family = "Westra",
role = "aut",
email = "swestra@civeng.adelaide.edu.au"),
person(given = "Tim",
family = "Peterson",
role = "ctb",
email = "tim.peterson@monash.edu"))
as necessary.
Flavors: r-devel-linux-x86_64-debian-clang, r-devel-linux-x86_64-debian-gcc