CRAN Package Check Results for Package FAS

Last updated on 2025-10-22 09:50:33 CEST.

Flavor Version Tinstall Tcheck Ttotal Status Flags
r-devel-linux-x86_64-debian-clang 1.0.0 7.64 53.44 61.08 NOTE
r-devel-linux-x86_64-debian-gcc 1.0.0 6.12 41.35 47.47 NOTE
r-devel-linux-x86_64-fedora-clang 1.0.0 17.00 74.30 91.30 OK
r-devel-linux-x86_64-fedora-gcc 1.0.0 17.00 70.00 87.00 OK
r-devel-windows-x86_64 1.0.0 12.00 71.00 83.00 OK
r-patched-linux-x86_64 1.0.0 8.17 50.12 58.29 OK
r-release-linux-x86_64 1.0.0 7.87 50.40 58.27 OK
r-release-macos-arm64 1.0.0 5.00 30.00 35.00 OK
r-release-macos-x86_64 1.0.0 9.00 49.00 58.00 OK
r-release-windows-x86_64 1.0.0 11.00 75.00 86.00 OK
r-oldrel-macos-arm64 1.0.0 6.00 25.00 31.00 OK
r-oldrel-macos-x86_64 1.0.0 7.00 40.00 47.00 OK
r-oldrel-windows-x86_64 1.0.0 15.00 86.00 101.00 OK

Additional issues

Intel

Check Details

Version: 1.0.0
Check: CRAN incoming feasibility
Result: NOTE Maintainer: ‘Jonas Striaukas <jonas.striaukas@gmail.com>’ The Description field contains Striaukas (2023) <arXiv:2307.13364>. Please refer to arXiv e-prints via their arXiv DOI <doi:10.48550/arXiv.YYMM.NNNNN>. Flavors: r-devel-linux-x86_64-debian-clang, r-devel-linux-x86_64-debian-gcc