CRAN Package Check Results for Package FEA

Last updated on 2025-10-22 09:50:33 CEST.

Flavor Version Tinstall Tcheck Ttotal Status Flags
r-devel-linux-x86_64-debian-clang 0.0.2 3.53 37.68 41.21 NOTE
r-devel-linux-x86_64-debian-gcc 0.0.2 1.90 28.68 30.58 NOTE
r-devel-linux-x86_64-fedora-clang 0.0.2 58.08 OK
r-devel-linux-x86_64-fedora-gcc 0.0.2 58.48 OK
r-devel-windows-x86_64 0.0.2 5.00 65.00 70.00 OK
r-patched-linux-x86_64 0.0.2 4.24 34.49 38.73 OK
r-release-linux-x86_64 0.0.2 3.49 34.61 38.10 OK
r-release-macos-arm64 0.0.2 2.00 25.00 27.00 OK
r-release-macos-x86_64 0.0.2 3.00 46.00 49.00 OK
r-release-windows-x86_64 0.0.2 6.00 68.00 74.00 OK
r-oldrel-macos-arm64 0.0.2 2.00 22.00 24.00 OK
r-oldrel-macos-x86_64 0.0.2 4.00 38.00 42.00 OK
r-oldrel-windows-x86_64 0.0.2 7.00 75.00 82.00 OK

Check Details

Version: 0.0.2
Check: CRAN incoming feasibility
Result: NOTE Maintainer: ‘Henna D. Bhramdat <bhramdath@ufl.edu>’ No Authors@R field in DESCRIPTION. Please add one, modifying Authors@R: person(given = c("Henna", "D."), family = "Bhramdat", role = c("aut", "cre"), email = "bhramdath@ufl.edu") as necessary. Flavors: r-devel-linux-x86_64-debian-clang, r-devel-linux-x86_64-debian-gcc