CRAN Package Check Results for Package FRACTION

Last updated on 2025-10-22 09:50:33 CEST.

Flavor Version Tinstall Tcheck Ttotal Status Flags
r-devel-linux-x86_64-debian-clang 1.1.1 1.71 18.24 19.95 NOTE
r-devel-linux-x86_64-debian-gcc 1.1.1 1.35 15.09 16.44 NOTE
r-devel-linux-x86_64-fedora-clang 1.1.1 28.93 OK
r-devel-linux-x86_64-fedora-gcc 1.1.1 27.44 OK
r-devel-windows-x86_64 1.1.1 3.00 33.00 36.00 OK
r-patched-linux-x86_64 1.1.1 1.88 17.21 19.09 OK
r-release-linux-x86_64 1.1.1 1.72 16.97 18.69 OK
r-release-macos-arm64 1.1.1 1.00 13.00 14.00 OK
r-release-macos-x86_64 1.1.1 2.00 18.00 20.00 OK
r-release-windows-x86_64 1.1.1 4.00 35.00 39.00 OK
r-oldrel-macos-arm64 1.1.1 1.00 12.00 13.00 OK
r-oldrel-macos-x86_64 1.1.1 2.00 23.00 25.00 OK
r-oldrel-windows-x86_64 1.1.1 3.00 34.00 37.00 OK

Check Details

Version: 1.1.1
Check: CRAN incoming feasibility
Result: NOTE Maintainer: ‘OuYang Ming <oula2004@163.com>’ No Authors@R field in DESCRIPTION. Please add one, modifying Authors@R: person(given = "OuYang", family = "Ming", role = c("aut", "cre"), email = "oula2004@163.com") as necessary. Flavors: r-devel-linux-x86_64-debian-clang, r-devel-linux-x86_64-debian-gcc