Last updated on 2025-10-22 09:50:33 CEST.
Flavor | Version | Tinstall | Tcheck | Ttotal | Status | Flags |
---|---|---|---|---|---|---|
r-devel-linux-x86_64-debian-clang | 2.0-1 | 14.30 | 95.23 | 109.53 | NOTE | |
r-devel-linux-x86_64-debian-gcc | 2.0-1 | 9.36 | 59.86 | 69.22 | NOTE | |
r-devel-linux-x86_64-fedora-clang | 2.0-1 | 28.00 | 142.23 | 170.23 | OK | |
r-devel-linux-x86_64-fedora-gcc | 2.0-1 | 32.00 | 144.14 | 176.14 | OK | |
r-devel-windows-x86_64 | 2.0-1 | 14.00 | 100.00 | 114.00 | OK | |
r-patched-linux-x86_64 | 2.0-1 | 15.62 | 89.06 | 104.68 | OK | |
r-release-linux-x86_64 | 2.0-1 | 12.18 | 88.86 | 101.04 | OK | |
r-release-macos-arm64 | 2.0-1 | 6.00 | 36.00 | 42.00 | OK | |
r-release-macos-x86_64 | 2.0-1 | 11.00 | 72.00 | 83.00 | OK | |
r-release-windows-x86_64 | 2.0-1 | 14.00 | 102.00 | 116.00 | OK | |
r-oldrel-macos-arm64 | 2.0-1 | 5.00 | 33.00 | 38.00 | OK | |
r-oldrel-macos-x86_64 | 2.0-1 | 10.00 | 93.00 | 103.00 | OK | |
r-oldrel-windows-x86_64 | 2.0-1 | 20.00 | 128.00 | 148.00 | OK |
Version: 2.0-1
Check: top-level files
Result: NOTE
Found the following validation problem for the NEWS.Rd HTML conversion:
NEWS.html:42:1 (inst/NEWS.Rd:11): Warning: missing </ul> before </div>
Flavors: r-devel-linux-x86_64-debian-clang, r-devel-linux-x86_64-debian-gcc