CRAN Package Check Results for Package FSelector

Last updated on 2025-10-22 09:50:33 CEST.

Flavor Version Tinstall Tcheck Ttotal Status Flags
r-devel-linux-x86_64-debian-clang 0.34 7.18 63.55 70.73 NOTE
r-devel-linux-x86_64-debian-gcc 0.34 5.66 48.03 53.69 NOTE
r-devel-linux-x86_64-fedora-clang 0.34 13.00 97.04 110.04 NOTE
r-devel-linux-x86_64-fedora-gcc 0.34 27.00 88.08 115.08 NOTE
r-devel-windows-x86_64 0.34 9.00 72.00 81.00 NOTE
r-patched-linux-x86_64 0.34 7.19 60.65 67.84 NOTE
r-release-linux-x86_64 0.34 7.12 60.23 67.35 NOTE
r-release-macos-arm64 0.34 4.00 27.00 31.00 NOTE
r-release-macos-x86_64 0.34 5.00 51.00 56.00 NOTE
r-release-windows-x86_64 0.34 8.00 76.00 84.00 NOTE
r-oldrel-macos-arm64 0.34 3.00 27.00 30.00 NOTE
r-oldrel-macos-x86_64 0.34 5.00 38.00 43.00 NOTE
r-oldrel-windows-x86_64 0.34 10.00 87.00 97.00 NOTE

Check Details

Version: 0.34
Check: CRAN incoming feasibility
Result: NOTE Maintainer: ‘Lars Kotthoff <larsko@uwyo.edu>’ No Authors@R field in DESCRIPTION. Please add one, modifying Authors@R: c(person(given = "Piotr", family = "Romanski", role = "aut"), person(given = "Lars", family = "Kotthoff", role = c("aut", "cre"), email = "larsko@uwyo.edu"), person(given = "Patrick", family = "Schratz", role = "aut")) as necessary. Flavors: r-devel-linux-x86_64-debian-clang, r-devel-linux-x86_64-debian-gcc

Version: 0.34
Check: Rd files
Result: NOTE checkRd: (-1) FSelector-package.Rd:14: Lost braces in \itemize; meant \describe ? checkRd: (-1) FSelector-package.Rd:15: Lost braces in \itemize; meant \describe ? checkRd: (-1) FSelector-package.Rd:16: Lost braces in \itemize; meant \describe ? checkRd: (-1) FSelector-package.Rd:17: Lost braces in \itemize; meant \describe ? checkRd: (-1) relief.Rd:21: Lost braces in \itemize; meant \describe ? checkRd: (-1) relief.Rd:22: Lost braces in \itemize; meant \describe ? Flavors: r-devel-linux-x86_64-debian-clang, r-devel-linux-x86_64-debian-gcc, r-devel-linux-x86_64-fedora-clang, r-devel-linux-x86_64-fedora-gcc, r-devel-windows-x86_64, r-patched-linux-x86_64, r-release-linux-x86_64, r-release-macos-arm64, r-release-macos-x86_64, r-release-windows-x86_64, r-oldrel-macos-arm64, r-oldrel-macos-x86_64, r-oldrel-windows-x86_64