Last updated on 2025-10-22 09:50:33 CEST.
Flavor | Version | Tinstall | Tcheck | Ttotal | Status | Flags |
---|---|---|---|---|---|---|
r-devel-linux-x86_64-debian-clang | 1.6 | 8.68 | 88.12 | 96.80 | NOTE | |
r-devel-linux-x86_64-debian-gcc | 1.6 | 5.96 | 61.52 | 67.48 | NOTE | |
r-devel-linux-x86_64-fedora-clang | 1.6 | 18.00 | 129.07 | 147.07 | OK | |
r-devel-linux-x86_64-fedora-gcc | 1.6 | 23.00 | 124.52 | 147.52 | OK | |
r-devel-windows-x86_64 | 1.6 | 10.00 | 96.00 | 106.00 | OK | |
r-patched-linux-x86_64 | 1.6 | 8.35 | 82.52 | 90.87 | OK | |
r-release-linux-x86_64 | 1.6 | 7.17 | 82.89 | 90.06 | OK | |
r-release-macos-arm64 | 1.6 | 5.00 | 53.00 | 58.00 | OK | |
r-release-macos-x86_64 | 1.6 | 15.00 | 117.00 | 132.00 | OK | |
r-release-windows-x86_64 | 1.6 | 10.00 | 97.00 | 107.00 | OK | |
r-oldrel-macos-arm64 | 1.6 | 3.00 | 37.00 | 40.00 | OK | |
r-oldrel-macos-x86_64 | 1.6 | 8.00 | 66.00 | 74.00 | OK | |
r-oldrel-windows-x86_64 | 1.6 | 13.00 | 122.00 | 135.00 | OK |
Version: 1.6
Check: CRAN incoming feasibility
Result: NOTE
Maintainer: ‘Charles Bouveyron <charles.bouveyron@gmail.com>’
No Authors@R field in DESCRIPTION.
Please add one, modifying
Authors@R: c(person(given = "Charles",
family = "Bouveyron",
role = c("aut", "cre"),
email = "charles.bouveyron@gmail.com"),
person(given = c("Camille", "Brunet", "&", "Nicolas"),
family = "Jouvin.",
role = "aut"))
as necessary.
Package CITATION file contains call(s) to old-style personList() or
as.personList(). Please use c() on person objects instead.
Package CITATION file contains call(s) to old-style citEntry(). Please
use bibentry() instead.
Flavors: r-devel-linux-x86_64-debian-clang, r-devel-linux-x86_64-debian-gcc