Last updated on 2025-10-22 09:50:33 CEST.
Flavor | Version | Tinstall | Tcheck | Ttotal | Status | Flags |
---|---|---|---|---|---|---|
r-devel-linux-x86_64-debian-clang | 2.4.1 | 12.08 | 158.28 | 170.36 | NOTE | |
r-devel-linux-x86_64-debian-gcc | 2.4.1 | 9.23 | 106.32 | 115.55 | NOTE | |
r-devel-linux-x86_64-fedora-clang | 2.4.1 | 107.00 | 172.62 | 279.62 | OK | |
r-devel-linux-x86_64-fedora-gcc | 2.4.1 | 69.00 | 206.27 | 275.27 | OK | |
r-devel-windows-x86_64 | 2.4.1 | 14.00 | 159.00 | 173.00 | OK | |
r-patched-linux-x86_64 | 2.4.1 | 12.19 | 144.27 | 156.46 | OK | |
r-release-linux-x86_64 | 2.4.1 | 11.94 | 142.26 | 154.20 | OK | |
r-release-macos-arm64 | 2.4.1 | 5.00 | 73.00 | 78.00 | OK | |
r-release-macos-x86_64 | 2.4.1 | 10.00 | 121.00 | 131.00 | OK | |
r-release-windows-x86_64 | 2.4.1 | 14.00 | 164.00 | 178.00 | OK | |
r-oldrel-macos-arm64 | 2.4.1 | 5.00 | 70.00 | 75.00 | OK | |
r-oldrel-macos-x86_64 | 2.4.1 | 8.00 | 107.00 | 115.00 | OK | |
r-oldrel-windows-x86_64 | 2.4.1 | 19.00 | 201.00 | 220.00 | OK |
Version: 2.4.1
Check: HTML version of manual
Result: NOTE
Found the following HTML validation problems:
SAtree.html:50:1 (SAtree.Rd:12): Warning: missing </ul> before </div>
summary.taxonomy.html:63:1 (summary.taxonomy.Rd:18): Warning: missing </ul> before </div>
Flavors: r-devel-linux-x86_64-debian-clang, r-devel-linux-x86_64-debian-gcc