CRAN Package Check Results for Package FrF2

Last updated on 2025-10-22 09:50:33 CEST.

Flavor Version Tinstall Tcheck Ttotal Status Flags
r-devel-linux-x86_64-debian-clang 2.3-4 16.64 145.17 161.81 NOTE
r-devel-linux-x86_64-debian-gcc 2.3-4 9.80 91.77 101.57 NOTE
r-devel-linux-x86_64-fedora-clang 2.3-4 32.00 209.25 241.25 OK
r-devel-linux-x86_64-fedora-gcc 2.3-4 41.00 193.79 234.79 OK
r-devel-windows-x86_64 2.3-4 16.00 143.00 159.00 OK
r-patched-linux-x86_64 2.3-4 17.54 136.13 153.67 OK
r-release-linux-x86_64 2.3-4 15.39 135.19 150.58 OK
r-release-macos-arm64 2.3-4 6.00 54.00 60.00 OK
r-release-macos-x86_64 2.3-4 11.00 96.00 107.00 OK
r-release-windows-x86_64 2.3-4 18.00 146.00 164.00 OK
r-oldrel-macos-arm64 2.3-4 5.00 59.00 64.00 OK
r-oldrel-macos-x86_64 2.3-4 20.00 114.00 134.00 OK
r-oldrel-windows-x86_64 2.3-4 24.00 189.00 213.00 OK

Check Details

Version: 2.3-4
Check: HTML version of manual
Result: NOTE Found the following HTML validation problems: pb.html:271:1 (pb.Rd:193): Warning: <h3> anchor "Warning" already defined Flavors: r-devel-linux-x86_64-debian-clang, r-devel-linux-x86_64-debian-gcc