Last updated on 2025-07-04 09:49:51 CEST.
Flavor | Version | Tinstall | Tcheck | Ttotal | Status | Flags |
---|---|---|---|---|---|---|
r-devel-linux-x86_64-debian-clang | 0.5.4 | 18.90 | 90.22 | 109.12 | NOTE | |
r-devel-linux-x86_64-debian-gcc | 0.5.4 | 11.63 | 64.96 | 76.59 | NOTE | |
r-devel-linux-x86_64-fedora-clang | 0.5.4 | 165.15 | OK | |||
r-devel-linux-x86_64-fedora-gcc | 0.5.4 | 173.59 | OK | |||
r-devel-windows-x86_64 | 0.5.4 | 20.00 | 117.00 | 137.00 | OK | |
r-patched-linux-x86_64 | 0.5.4 | 18.13 | 86.42 | 104.55 | OK | |
r-release-linux-x86_64 | 0.5.4 | 16.06 | 85.37 | 101.43 | OK | |
r-release-macos-arm64 | 0.5.4 | 67.00 | OK | |||
r-release-macos-x86_64 | 0.5.4 | 109.00 | OK | |||
r-release-windows-x86_64 | 0.5.4 | 21.00 | 118.00 | 139.00 | OK | |
r-oldrel-macos-arm64 | 0.5.4 | 53.00 | OK | |||
r-oldrel-macos-x86_64 | 0.5.4 | 82.00 | OK | |||
r-oldrel-windows-x86_64 | 0.5.4 | 26.00 | 154.00 | 180.00 | OK |
Version: 0.5.4
Check: CRAN incoming feasibility
Result: NOTE
Maintainer: ‘Ryan Sun <ryansun.work@gmail.com>’
The Description field contains
<arXiv:1710.02469> for more details.
Please refer to arXiv e-prints via their arXiv DOI <doi:10.48550/arXiv.YYMM.NNNNN>.
Flavors: r-devel-linux-x86_64-debian-clang, r-devel-linux-x86_64-debian-gcc