Last updated on 2025-10-22 09:50:34 CEST.
Flavor | Version | Tinstall | Tcheck | Ttotal | Status | Flags |
---|---|---|---|---|---|---|
r-devel-linux-x86_64-debian-clang | 4.2.0 | 20.10 | 58.60 | 78.70 | NOTE | |
r-devel-linux-x86_64-debian-gcc | 4.2.0 | 11.71 | 38.98 | 50.69 | NOTE | |
r-devel-linux-x86_64-fedora-clang | 4.2.0 | 32.00 | 98.90 | 130.90 | OK | |
r-devel-linux-x86_64-fedora-gcc | 4.2.0 | 38.00 | 81.30 | 119.30 | OK | |
r-devel-windows-x86_64 | 4.2.0 | 26.00 | 91.00 | 117.00 | OK | |
r-patched-linux-x86_64 | 4.2.0 | 17.71 | 55.66 | 73.37 | OK | |
r-release-linux-x86_64 | 4.2.0 | 19.48 | 55.07 | 74.55 | OK | |
r-release-macos-arm64 | 4.2.0 | 9.00 | 27.00 | 36.00 | OK | |
r-release-macos-x86_64 | 4.2.0 | 12.00 | 50.00 | 62.00 | OK | |
r-release-windows-x86_64 | 4.2.0 | 29.00 | 90.00 | 119.00 | OK | |
r-oldrel-macos-arm64 | 4.2.0 | 7.00 | 26.00 | 33.00 | OK | |
r-oldrel-macos-x86_64 | 4.2.0 | 11.00 | 42.00 | 53.00 | OK | |
r-oldrel-windows-x86_64 | 4.2.0 | 31.00 | 113.00 | 144.00 | OK |
Version: 4.2.0
Check: HTML version of manual
Result: NOTE
Found the following HTML validation problems:
e2_Monte_Carlo_EM.html:116:1 (e2_Monte_Carlo_EM.Rd:54): Warning: missing </ul> before </div>
Flavors: r-devel-linux-x86_64-debian-clang, r-devel-linux-x86_64-debian-gcc