Last updated on 2025-10-22 09:50:34 CEST.
Flavor | Version | Tinstall | Tcheck | Ttotal | Status | Flags |
---|---|---|---|---|---|---|
r-devel-linux-x86_64-debian-clang | 10.8 | 2.25 | 30.88 | 33.13 | NOTE | |
r-devel-linux-x86_64-debian-gcc | 10.8 | 2.11 | 24.95 | 27.06 | NOTE | |
r-devel-linux-x86_64-fedora-clang | 10.8 | 52.49 | OK | |||
r-devel-linux-x86_64-fedora-gcc | 10.8 | 62.21 | OK | |||
r-devel-windows-x86_64 | 10.8 | 6.00 | 51.00 | 57.00 | OK | |
r-patched-linux-x86_64 | 10.8 | 3.34 | 27.84 | 31.18 | OK | |
r-release-linux-x86_64 | 10.8 | 2.89 | 28.25 | 31.14 | OK | |
r-release-macos-arm64 | 10.8 | 2.00 | 27.00 | 29.00 | OK | |
r-release-macos-x86_64 | 10.8 | 3.00 | 47.00 | 50.00 | OK | |
r-release-windows-x86_64 | 10.8 | 5.00 | 51.00 | 56.00 | OK | |
r-oldrel-macos-arm64 | 10.8 | 1.00 | 27.00 | 28.00 | OK | |
r-oldrel-macos-x86_64 | 10.8 | 2.00 | 54.00 | 56.00 | OK | |
r-oldrel-windows-x86_64 | 10.8 | 7.00 | 64.00 | 71.00 | OK |
Version: 10.8
Check: HTML version of manual
Result: NOTE
Found the following HTML validation problems:
v2m.html:55:1 (v2m.Rd:13): Warning: missing </ul> before </div>
Flavors: r-devel-linux-x86_64-debian-clang, r-devel-linux-x86_64-debian-gcc