CRAN Package Check Results for Package GK2011

Last updated on 2025-10-22 09:50:34 CEST.

Flavor Version Tinstall Tcheck Ttotal Status Flags
r-devel-linux-x86_64-debian-clang 0.1.3 1.72 28.78 30.50 NOTE
r-devel-linux-x86_64-debian-gcc 0.1.3 1.41 22.16 23.57 NOTE
r-devel-linux-x86_64-fedora-clang 0.1.3 43.61 OK
r-devel-linux-x86_64-fedora-gcc 0.1.3 42.96 OK
r-devel-windows-x86_64 0.1.3 3.00 47.00 50.00 OK
r-patched-linux-x86_64 0.1.3 1.65 26.12 27.77 OK
r-release-linux-x86_64 0.1.3 1.76 25.64 27.40 OK
r-release-macos-arm64 0.1.3 1.00 19.00 20.00 OK
r-release-macos-x86_64 0.1.3 2.00 30.00 32.00 OK
r-release-windows-x86_64 0.1.3 3.00 50.00 53.00 OK
r-oldrel-macos-arm64 0.1.3 1.00 17.00 18.00 OK
r-oldrel-macos-x86_64 0.1.3 2.00 35.00 37.00 OK
r-oldrel-windows-x86_64 0.1.3 3.00 55.00 58.00 OK

Check Details

Version: 0.1.3
Check: CRAN incoming feasibility
Result: NOTE Maintainer: ‘Thomas J. Leeper <thosjleeper@gmail.com>’ Package CITATION file contains call(s) to old-style personList() or as.personList(). Please use c() on person objects instead. Package CITATION file contains call(s) to old-style citEntry(). Please use bibentry() instead. Flavors: r-devel-linux-x86_64-debian-clang, r-devel-linux-x86_64-debian-gcc