Last updated on 2025-10-22 09:50:35 CEST.
Flavor | Version | Tinstall | Tcheck | Ttotal | Status | Flags |
---|---|---|---|---|---|---|
r-devel-linux-x86_64-debian-clang | 0.1.0-6 | 179.21 | 42.77 | 221.98 | NOTE | |
r-devel-linux-x86_64-debian-gcc | 0.1.0-6 | 139.99 | 39.42 | 179.41 | NOTE | |
r-devel-linux-x86_64-fedora-clang | 0.1.0-6 | 156.00 | 153.95 | 309.95 | OK | |
r-devel-linux-x86_64-fedora-gcc | 0.1.0-6 | 239.00 | 180.54 | 419.54 | OK | |
r-devel-windows-x86_64 | 0.1.0-6 | 151.00 | 89.00 | 240.00 | OK | |
r-patched-linux-x86_64 | 0.1.0-6 | 195.83 | 50.79 | 246.62 | OK | |
r-release-linux-x86_64 | 0.1.0-6 | 185.21 | 50.62 | 235.83 | OK | |
r-release-macos-arm64 | 0.1.0-6 | 66.00 | 21.00 | 87.00 | OK | |
r-release-macos-x86_64 | 0.1.0-6 | 80.00 | 34.00 | 114.00 | OK | |
r-release-windows-x86_64 | 0.1.0-6 | 149.00 | 96.00 | 245.00 | OK | |
r-oldrel-macos-arm64 | 0.1.0-6 | 71.00 | 21.00 | 92.00 | NOTE | |
r-oldrel-macos-x86_64 | 0.1.0-6 | 62.00 | 28.00 | 90.00 | NOTE | |
r-oldrel-windows-x86_64 | 0.1.0-6 | 179.00 | 110.00 | 289.00 | OK |
Version: 0.1.0-6
Check: HTML version of manual
Result: NOTE
Found the following HTML validation problems:
gp-method.html:47:1 (gp-method.Rd:12): Warning: missing </ul> before </div>
Flavors: r-devel-linux-x86_64-debian-clang, r-devel-linux-x86_64-debian-gcc
Version: 0.1.0-6
Check: installed package size
Result: NOTE
installed size is 35.8Mb
sub-directories of 1Mb or more:
libs 35.4Mb
Flavors: r-oldrel-macos-arm64, r-oldrel-macos-x86_64