Last updated on 2025-07-04 09:49:52 CEST.
Flavor | Version | Tinstall | Tcheck | Ttotal | Status | Flags |
---|---|---|---|---|---|---|
r-devel-linux-x86_64-debian-clang | 0.1-7 | 47.80 | 190.84 | 238.64 | NOTE | |
r-devel-linux-x86_64-debian-gcc | 0.1-7 | 33.90 | 120.93 | 154.83 | NOTE | |
r-devel-linux-x86_64-fedora-clang | 0.1-7 | 408.54 | OK | |||
r-devel-linux-x86_64-fedora-gcc | 0.1-7 | 347.13 | OK | |||
r-devel-windows-x86_64 | 0.1-7 | 49.00 | 170.00 | 219.00 | NOTE | |
r-patched-linux-x86_64 | 0.1-7 | 45.36 | 166.07 | 211.43 | NOTE | |
r-release-linux-x86_64 | 0.1-7 | 41.25 | 164.86 | 206.11 | NOTE | |
r-release-macos-arm64 | 0.1-7 | 88.00 | OK | |||
r-release-macos-x86_64 | 0.1-7 | 186.00 | OK | |||
r-release-windows-x86_64 | 0.1-7 | 50.00 | 174.00 | 224.00 | NOTE | |
r-oldrel-macos-arm64 | 0.1-7 | 90.00 | OK | |||
r-oldrel-macos-x86_64 | 0.1-7 | 127.00 | OK | |||
r-oldrel-windows-x86_64 | 0.1-7 | 62.00 | 221.00 | 283.00 | OK |
Version: 0.1-7
Check: CRAN incoming feasibility
Result: NOTE
Maintainer: ‘Gunther Schauberger <gunther.schauberger@tum.de>’
No Authors@R field in DESCRIPTION.
Please add one, modifying
Authors@R: person(given = "Gunther",
family = "Schauberger",
role = c("aut", "cre"),
email = "gunther.schauberger@tum.de")
as necessary.
Flavors: r-devel-linux-x86_64-debian-clang, r-devel-linux-x86_64-debian-gcc
Version: 0.1-7
Check: Rd cross-references
Result: NOTE
Found the following Rd file(s) with Rd \link{} targets missing package
anchors:
trait.posterior.Rd: pcubature
Please provide package anchors for all Rd \link{} targets not in the
package itself and the base packages.
Flavors: r-devel-linux-x86_64-debian-clang, r-devel-linux-x86_64-debian-gcc, r-devel-windows-x86_64, r-patched-linux-x86_64, r-release-linux-x86_64, r-release-windows-x86_64