Last updated on 2025-10-22 09:50:35 CEST.
Flavor | Version | Tinstall | Tcheck | Ttotal | Status | Flags |
---|---|---|---|---|---|---|
r-devel-linux-x86_64-debian-clang | 3.2-0 | 37.27 | 108.37 | 145.64 | NOTE | |
r-devel-linux-x86_64-debian-gcc | 3.2-0 | 21.79 | 72.69 | 94.48 | NOTE | |
r-devel-linux-x86_64-fedora-clang | 3.2-0 | 67.00 | 162.92 | 229.92 | OK | |
r-devel-linux-x86_64-fedora-gcc | 3.2-0 | 81.00 | 136.04 | 217.04 | OK | |
r-devel-windows-x86_64 | 3.2-0 | 41.00 | 124.00 | 165.00 | OK | |
r-patched-linux-x86_64 | 3.2-0 | 34.52 | 102.76 | 137.28 | OK | |
r-release-linux-x86_64 | 3.2-0 | 37.12 | 101.43 | 138.55 | OK | |
r-release-macos-arm64 | 3.2-0 | 21.00 | 55.00 | 76.00 | OK | |
r-release-macos-x86_64 | 3.2-0 | 24.00 | 88.00 | 112.00 | OK | |
r-release-windows-x86_64 | 3.2-0 | 42.00 | 129.00 | 171.00 | OK | |
r-oldrel-macos-arm64 | 3.2-0 | 12.00 | 47.00 | 59.00 | OK | |
r-oldrel-macos-x86_64 | 3.2-0 | 22.00 | 79.00 | 101.00 | OK | |
r-oldrel-windows-x86_64 | 3.2-0 | 51.00 | 162.00 | 213.00 | OK |
Version: 3.2-0
Check: HTML version of manual
Result: NOTE
Found the following HTML validation problems:
GP.csh.html:62:1 (GP.csh.Rd:22): Warning: missing </ul> before </div>
GP.un.html:62:1 (GP.un.Rd:22): Warning: missing </ul> before </div>
VP.CP.ZP.un.html:62:1 (VP.CP.ZP.un.Rd:22): Warning: missing </ul> before </div>
print.html:57:1 (print.Rd:20): Warning: missing </ul> before </div>
rGP.un.html:62:1 (rGP.un.Rd:22): Warning: missing </ul> before </div>
Flavors: r-devel-linux-x86_64-debian-clang, r-devel-linux-x86_64-debian-gcc