Last updated on 2025-10-22 09:50:35 CEST.
Flavor | Version | Tinstall | Tcheck | Ttotal | Status | Flags |
---|---|---|---|---|---|---|
r-devel-linux-x86_64-debian-clang | 1.1.3 | 21.69 | 46.13 | 67.82 | NOTE | |
r-devel-linux-x86_64-debian-gcc | 1.1.3 | 15.31 | 32.92 | 48.23 | NOTE | |
r-devel-linux-x86_64-fedora-clang | 1.1.3 | 56.00 | 55.98 | 111.98 | OK | |
r-devel-linux-x86_64-fedora-gcc | 1.1.3 | 49.00 | 53.64 | 102.64 | OK | |
r-devel-windows-x86_64 | 1.1.3 | 28.00 | 80.00 | 108.00 | OK | |
r-patched-linux-x86_64 | 1.1.3 | 20.75 | 43.30 | 64.05 | OK | |
r-release-linux-x86_64 | 1.1.3 | 22.24 | 42.92 | 65.16 | OK | |
r-release-macos-arm64 | 1.1.3 | 12.00 | 27.00 | 39.00 | OK | |
r-release-macos-x86_64 | 1.1.3 | 14.00 | 37.00 | 51.00 | OK | |
r-release-windows-x86_64 | 1.1.3 | 29.00 | 87.00 | 116.00 | OK | |
r-oldrel-macos-arm64 | 1.1.3 | 10.00 | 22.00 | 32.00 | OK | |
r-oldrel-macos-x86_64 | 1.1.3 | 12.00 | 33.00 | 45.00 | OK | |
r-oldrel-windows-x86_64 | 1.1.3 | 42.00 | 101.00 | 143.00 | OK |
Version: 1.1.3
Check: HTML version of manual
Result: NOTE
Found the following HTML validation problems:
get.period.fitting.month.html:48:1 (get.period.fitting.month.Rd:12): Warning: missing </ul> before </div>
Flavors: r-devel-linux-x86_64-debian-clang, r-devel-linux-x86_64-debian-gcc