Last updated on 2025-10-22 09:50:34 CEST.
Flavor | Version | Tinstall | Tcheck | Ttotal | Status | Flags |
---|---|---|---|---|---|---|
r-devel-linux-x86_64-debian-clang | 0.1.0 | 11.66 | 101.67 | 113.33 | NOTE | |
r-devel-linux-x86_64-debian-gcc | 0.1.0 | 9.40 | 73.14 | 82.54 | NOTE | |
r-devel-linux-x86_64-fedora-clang | 0.1.0 | 29.00 | 147.92 | 176.92 | OK | |
r-devel-linux-x86_64-fedora-gcc | 0.1.0 | 29.00 | 140.43 | 169.43 | OK | |
r-devel-windows-x86_64 | 0.1.0 | 15.00 | 105.00 | 120.00 | OK | |
r-patched-linux-x86_64 | 0.1.0 | 12.93 | 99.09 | 112.02 | OK | |
r-release-linux-x86_64 | 0.1.0 | 13.17 | 99.79 | 112.96 | OK | |
r-release-macos-arm64 | 0.1.0 | 11.00 | 57.00 | 68.00 | OK | |
r-release-macos-x86_64 | 0.1.0 | 16.00 | 95.00 | 111.00 | OK | |
r-release-windows-x86_64 | 0.1.0 | 14.00 | 103.00 | 117.00 | OK | |
r-oldrel-macos-arm64 | 0.1.0 | 11.00 | 52.00 | 63.00 | OK | |
r-oldrel-macos-x86_64 | 0.1.0 | 13.00 | 75.00 | 88.00 | OK | |
r-oldrel-windows-x86_64 | 0.1.0 | 20.00 | 135.00 | 155.00 | OK |
Version: 0.1.0
Check: CRAN incoming feasibility
Result: NOTE
Maintainer: ‘Zihuai He <zihuai@stanford.edu>’
No Authors@R field in DESCRIPTION.
Please add one, modifying
Authors@R: person(given = "Zihuai",
family = "He",
role = c("aut", "cre"),
email = "zihuai@stanford.edu")
as necessary.
Flavors: r-devel-linux-x86_64-debian-clang, r-devel-linux-x86_64-debian-gcc