Last updated on 2025-07-04 09:49:52 CEST.
Flavor | Version | Tinstall | Tcheck | Ttotal | Status | Flags |
---|---|---|---|---|---|---|
r-devel-linux-x86_64-debian-clang | 0.3.0 | 48.20 | 375.79 | 423.99 | NOTE | |
r-devel-linux-x86_64-debian-gcc | 0.3.0 | 33.34 | 259.78 | 293.12 | NOTE | |
r-devel-linux-x86_64-fedora-clang | 0.3.0 | 703.63 | OK | |||
r-devel-linux-x86_64-fedora-gcc | 0.3.0 | 702.17 | OK | |||
r-devel-windows-x86_64 | 0.3.0 | 58.00 | 458.00 | 516.00 | OK | |
r-patched-linux-x86_64 | 0.3.0 | 48.66 | 344.17 | 392.83 | OK | |
r-release-linux-x86_64 | 0.3.0 | 49.26 | 350.64 | 399.90 | OK | |
r-release-macos-arm64 | 0.3.0 | 199.00 | OK | |||
r-release-macos-x86_64 | 0.3.0 | 408.00 | OK | |||
r-release-windows-x86_64 | 0.3.0 | 58.00 | 464.00 | 522.00 | OK | |
r-oldrel-macos-arm64 | 0.3.0 | 215.00 | NOTE | |||
r-oldrel-macos-x86_64 | 0.3.0 | 359.00 | NOTE | |||
r-oldrel-windows-x86_64 | 0.3.0 | 71.00 | 588.00 | 659.00 | OK |
Version: 0.3.0
Check: CRAN incoming feasibility
Result: NOTE
Maintainer: ‘Robrecht Cannoodt <rcannood@gmail.com>’
Package CITATION file contains call(s) to old-style citEntry(). Please
use bibentry() instead.
Flavors: r-devel-linux-x86_64-debian-clang, r-devel-linux-x86_64-debian-gcc
Version: 0.3.0
Check: installed package size
Result: NOTE
installed size is 5.7Mb
sub-directories of 1Mb or more:
doc 1.7Mb
libs 3.4Mb
Flavors: r-oldrel-macos-arm64, r-oldrel-macos-x86_64