Last updated on 2025-10-22 09:50:35 CEST.
Flavor | Version | Tinstall | Tcheck | Ttotal | Status | Flags |
---|---|---|---|---|---|---|
r-devel-linux-x86_64-debian-clang | 3.0.4 | 28.39 | 169.74 | 198.13 | NOTE | |
r-devel-linux-x86_64-debian-gcc | 3.0.4 | 19.14 | 115.89 | 135.03 | NOTE | |
r-devel-linux-x86_64-fedora-clang | 3.0.4 | 68.00 | 245.74 | 313.74 | OK | |
r-devel-linux-x86_64-fedora-gcc | 3.0.4 | 59.00 | 245.66 | 304.66 | OK | |
r-devel-windows-x86_64 | 3.0.4 | 37.00 | 189.00 | 226.00 | OK | |
r-patched-linux-x86_64 | 3.0.4 | 31.61 | 157.70 | 189.31 | OK | |
r-release-linux-x86_64 | 3.0.4 | 29.39 | 158.10 | 187.49 | OK | |
r-release-macos-arm64 | 3.0.4 | 12.00 | 65.00 | 77.00 | OK | |
r-release-macos-x86_64 | 3.0.4 | 28.00 | 132.00 | 160.00 | OK | |
r-release-windows-x86_64 | 3.0.4 | 41.00 | 192.00 | 233.00 | OK | |
r-oldrel-macos-arm64 | 3.0.4 | 13.00 | 82.00 | 95.00 | OK | |
r-oldrel-macos-x86_64 | 3.0.4 | 23.00 | 133.00 | 156.00 | OK | |
r-oldrel-windows-x86_64 | 3.0.4 | 49.00 | 236.00 | 285.00 | OK |
Version: 3.0.4
Check: HTML version of manual
Result: NOTE
Found the following HTML validation problems:
Gmisc-deprecated.html:46:1 (Gmisc-deprecated.Rd:12): Warning: missing </ul> before </div>
htmlTable_latex.html:61:1 (htmlTable_latex.Rd:21): Warning: missing </ul> before </div>
prPasteVec.html:47:1 (prPasteVec.Rd:10): Warning: missing </ul> before </div>
prTcPlotArrows.html:109:1 (prTcPlotArrows.Rd:49): Warning: missing </ul> before </div>
prTpGetBoxSizedTextGrob.html:73:1 (prTpGetBoxSizedTextGrob.Rd:27): Warning: missing </ul> before </div>
print.Gmisc_list_of_boxes.html:52:1 (print.Gmisc_list_of_boxes.Rd:12): Warning: missing </ul> before </div>
Flavors: r-devel-linux-x86_64-debian-clang, r-devel-linux-x86_64-debian-gcc