CRAN Package Check Results for Package HDBRR

Last updated on 2025-07-04 09:49:53 CEST.

Flavor Version Tinstall Tcheck Ttotal Status Flags
r-devel-linux-x86_64-debian-clang 1.1.4 7.71 69.08 76.79 NOTE
r-devel-linux-x86_64-debian-gcc 1.1.4 5.65 50.27 55.92 NOTE
r-devel-linux-x86_64-fedora-clang 1.1.4 118.07 NOTE
r-devel-linux-x86_64-fedora-gcc 1.1.4 138.05 NOTE
r-devel-windows-x86_64 1.1.4 11.00 104.00 115.00 NOTE
r-patched-linux-x86_64 1.1.4 8.66 62.79 71.45 NOTE
r-release-linux-x86_64 1.1.4 7.94 62.66 70.60 NOTE
r-release-macos-arm64 1.1.4 56.00 NOTE
r-release-macos-x86_64 1.1.4 83.00 NOTE
r-release-windows-x86_64 1.1.4 11.00 105.00 116.00 NOTE
r-oldrel-macos-arm64 1.1.4 50.00 NOTE
r-oldrel-macos-x86_64 1.1.4 89.00 NOTE
r-oldrel-windows-x86_64 1.1.4 12.00 117.00 129.00 NOTE

Check Details

Version: 1.1.4
Check: Rd files
Result: NOTE checkRd: (-1) phenowheat.Rd:18: Lost braces in \enumerate; meant \describe ? checkRd: (-1) phenowheat.Rd:19: Lost braces in \enumerate; meant \describe ? Flavors: r-devel-linux-x86_64-debian-clang, r-devel-linux-x86_64-debian-gcc, r-devel-linux-x86_64-fedora-clang, r-devel-linux-x86_64-fedora-gcc, r-devel-windows-x86_64, r-patched-linux-x86_64, r-release-linux-x86_64, r-release-macos-arm64, r-release-macos-x86_64, r-release-windows-x86_64, r-oldrel-macos-arm64, r-oldrel-macos-x86_64, r-oldrel-windows-x86_64