Last updated on 2025-07-04 09:49:53 CEST.
Flavor | Version | Tinstall | Tcheck | Ttotal | Status | Flags |
---|---|---|---|---|---|---|
r-devel-linux-x86_64-debian-clang | 1.0-2 | 6.70 | 95.00 | 101.70 | NOTE | |
r-devel-linux-x86_64-debian-gcc | 1.0-2 | 5.42 | 70.42 | 75.84 | NOTE | |
r-devel-linux-x86_64-fedora-clang | 1.0-2 | 162.17 | OK | |||
r-devel-linux-x86_64-fedora-gcc | 1.0-2 | 163.56 | OK | |||
r-devel-windows-x86_64 | 1.0-2 | 9.00 | 104.00 | 113.00 | OK | |
r-patched-linux-x86_64 | 1.0-2 | 7.80 | 96.37 | 104.17 | OK | |
r-release-linux-x86_64 | 1.0-2 | 7.54 | 95.40 | 102.94 | OK | |
r-release-macos-arm64 | 1.0-2 | 51.00 | OK | |||
r-release-macos-x86_64 | 1.0-2 | 123.00 | OK | |||
r-release-windows-x86_64 | 1.0-2 | 9.00 | 109.00 | 118.00 | OK | |
r-oldrel-macos-arm64 | 1.0-2 | 50.00 | OK | |||
r-oldrel-macos-x86_64 | 1.0-2 | 75.00 | OK | |||
r-oldrel-windows-x86_64 | 1.0-2 | 11.00 | 135.00 | 146.00 | OK |
Version: 1.0-2
Check: CRAN incoming feasibility
Result: NOTE
Maintainer: ‘Xin Xu <xin.xu@yale.edu>’
No Authors@R field in DESCRIPTION.
Please add one, modifying
Authors@R: c(person(given = "Hanzhong",
family = "Liu",
role = "aut"),
person(given = "Xin",
family = "Xu",
role = c("aut", "cre"),
email = "xin.xu@yale.edu"),
person(given = c("Jingyi", "Jessica"),
family = "Li",
role = "aut"))
as necessary.
Flavors: r-devel-linux-x86_64-debian-clang, r-devel-linux-x86_64-debian-gcc