Last updated on 2025-07-04 09:49:53 CEST.
Flavor | Version | Tinstall | Tcheck | Ttotal | Status | Flags |
---|---|---|---|---|---|---|
r-devel-linux-x86_64-debian-clang | 0.8.15 | 6.90 | 47.42 | 54.32 | OK | |
r-devel-linux-x86_64-debian-gcc | 0.8.15 | 5.50 | 37.66 | 43.16 | OK | |
r-devel-linux-x86_64-fedora-clang | 0.8.15 | 80.65 | OK | |||
r-devel-linux-x86_64-fedora-gcc | 0.8.15 | 92.58 | OK | |||
r-devel-windows-x86_64 | 0.8.15 | 7.00 | 64.00 | 71.00 | OK | |
r-patched-linux-x86_64 | 0.8.15 | 6.21 | 44.43 | 50.64 | OK | |
r-release-linux-x86_64 | 0.8.15 | 6.39 | 44.07 | 50.46 | OK | |
r-release-macos-arm64 | 0.8.15 | 34.00 | OK | |||
r-release-macos-x86_64 | 0.8.15 | 64.00 | OK | |||
r-release-windows-x86_64 | 0.8.15 | 9.00 | 65.00 | 74.00 | OK | |
r-oldrel-macos-arm64 | 0.8.15 | 199.00 | NOTE | |||
r-oldrel-macos-x86_64 | 0.8.15 | 227.00 | NOTE | |||
r-oldrel-windows-x86_64 | 0.8.15 | 8.00 | 79.00 | 87.00 | OK |
Version: 0.8.15
Check: installed package size
Result: NOTE
installed size is 5.2Mb
sub-directories of 1Mb or more:
data 4.8Mb
Flavors: r-oldrel-macos-arm64, r-oldrel-macos-x86_64