CRAN Package Check Results for Package HMP

Last updated on 2025-10-22 09:50:36 CEST.

Flavor Version Tinstall Tcheck Ttotal Status Flags
r-devel-linux-x86_64-debian-clang 2.0.1 12.94 108.88 121.82 NOTE
r-devel-linux-x86_64-debian-gcc 2.0.1 9.16 78.40 87.56 NOTE
r-devel-linux-x86_64-fedora-clang 2.0.1 52.00 146.36 198.36 OK
r-devel-linux-x86_64-fedora-gcc 2.0.1 23.00 167.71 190.71 OK
r-devel-windows-x86_64 2.0.1 14.00 128.00 142.00 OK
r-patched-linux-x86_64 2.0.1 13.05 103.74 116.79 OK
r-release-linux-x86_64 2.0.1 11.98 103.82 115.80 OK
r-release-macos-arm64 2.0.1 5.00 57.00 62.00 OK
r-release-macos-x86_64 2.0.1 10.00 89.00 99.00 OK
r-release-windows-x86_64 2.0.1 13.00 132.00 145.00 OK
r-oldrel-macos-arm64 2.0.1 5.00 46.00 51.00 OK
r-oldrel-macos-x86_64 2.0.1 8.00 72.00 80.00 OK
r-oldrel-windows-x86_64 2.0.1 20.00 159.00 179.00 OK

Check Details

Version: 2.0.1
Check: CRAN incoming feasibility
Result: NOTE Maintainer: ‘Berkley Shands <rpackages@biorankings.com>’ No Authors@R field in DESCRIPTION. Please add one, modifying Authors@R: c(person(given = c("Patricio", "S."), family = "La Rosa", role = "aut"), person(given = "Elena", family = "Deych", role = "aut"), person(given = "Sharina", family = "Carter", role = "aut"), person(given = "Berkley", family = "Shands", role = c("aut", "cre"), email = "rpackages@biorankings.com"), person(given = "Dake", family = "Yang", role = "aut"), person(given = c("William", "D."), family = "Shannon", role = "aut")) as necessary. Flavors: r-devel-linux-x86_64-debian-clang, r-devel-linux-x86_64-debian-gcc