Last updated on 2025-10-22 09:50:35 CEST.
Flavor | Version | Tinstall | Tcheck | Ttotal | Status | Flags |
---|---|---|---|---|---|---|
r-devel-linux-x86_64-debian-clang | 1.0.8 | 60.34 | 145.80 | 206.14 | NOTE | |
r-devel-linux-x86_64-debian-gcc | 1.0.8 | 37.08 | 101.38 | 138.46 | NOTE | |
r-devel-linux-x86_64-fedora-clang | 1.0.8 | 156.00 | 166.23 | 322.23 | OK | |
r-devel-linux-x86_64-fedora-gcc | 1.0.8 | 129.00 | 169.39 | 298.39 | OK | |
r-devel-windows-x86_64 | 1.0.8 | 61.00 | 174.00 | 235.00 | OK | |
r-patched-linux-x86_64 | 1.0.8 | 49.71 | 135.79 | 185.50 | OK | |
r-release-linux-x86_64 | 1.0.8 | 54.64 | 135.68 | 190.32 | OK | |
r-release-macos-arm64 | 1.0.8 | 23.00 | 54.00 | 77.00 | OK | |
r-release-macos-x86_64 | 1.0.8 | 39.00 | 100.00 | 139.00 | OK | |
r-release-windows-x86_64 | 1.0.8 | 59.00 | 173.00 | 232.00 | OK | |
r-oldrel-macos-arm64 | 1.0.8 | 22.00 | 50.00 | 72.00 | NOTE | |
r-oldrel-macos-x86_64 | 1.0.8 | 31.00 | 77.00 | 108.00 | NOTE | |
r-oldrel-windows-x86_64 | 1.0.8 | 74.00 | 225.00 | 299.00 | OK |
Version: 1.0.8
Check: HTML version of manual
Result: NOTE
Found the following HTML validation problems:
HTS-class.html:55:1 (HTS-class.Rd:17): Warning: missing </ul> before </div>
TMatH-class.html:66:1 (TMatH-class.Rd:26): Warning: missing </ul> before </div>
TdistributionH-class.html:81:1 (TdistributionH-class.Rd:35): Warning: missing </ul> before </div>
plot-TdistributionH.html:62:1 (plot-TdistributionH.Rd:20): Warning: missing </ul> before </div>
times-methods.html:61:1 (times-methods.Rd:19): Warning: missing </ul> before </div>
Flavors: r-devel-linux-x86_64-debian-clang, r-devel-linux-x86_64-debian-gcc
Version: 1.0.8
Check: installed package size
Result: NOTE
installed size is 6.9Mb
sub-directories of 1Mb or more:
data 1.0Mb
libs 4.9Mb
Flavors: r-oldrel-macos-arm64, r-oldrel-macos-x86_64