Last updated on 2025-10-22 09:50:36 CEST.
Flavor | Version | Tinstall | Tcheck | Ttotal | Status | Flags |
---|---|---|---|---|---|---|
r-devel-linux-x86_64-debian-clang | 1.0.8 | 106.12 | 82.55 | 188.67 | NOTE | |
r-devel-linux-x86_64-debian-gcc | 1.0.8 | 68.00 | 59.18 | 127.18 | NOTE | |
r-devel-linux-x86_64-fedora-clang | 1.0.8 | 244.00 | 107.61 | 351.61 | OK | |
r-devel-linux-x86_64-fedora-gcc | 1.0.8 | 217.00 | 91.89 | 308.89 | OK | |
r-devel-windows-x86_64 | 1.0.8 | 130.00 | 103.00 | 233.00 | OK | |
r-patched-linux-x86_64 | 1.0.8 | 105.91 | 77.39 | 183.30 | OK | |
r-release-linux-x86_64 | 1.0.8 | 108.15 | 77.10 | 185.25 | OK | |
r-release-macos-arm64 | 1.0.8 | 43.00 | 42.00 | 85.00 | OK | |
r-release-macos-x86_64 | 1.0.8 | 43.00 | 81.00 | 124.00 | OK | |
r-release-windows-x86_64 | 1.0.8 | 133.00 | 101.00 | 234.00 | OK | |
r-oldrel-macos-arm64 | 1.0.8 | 42.00 | 32.00 | 74.00 | OK | |
r-oldrel-macos-x86_64 | 1.0.8 | 42.00 | 47.00 | 89.00 | OK | |
r-oldrel-windows-x86_64 | 1.0.8 | 154.00 | 135.00 | 289.00 | OK |
Version: 1.0.8
Check: CRAN incoming feasibility
Result: NOTE
Maintainer: ‘Daniel Nevo <danielnevo@gmail.com>’
No Authors@R field in DESCRIPTION.
Please add one, modifying
Authors@R: person(given = "Daniel",
family = "Nevo",
role = c("aut", "cre"),
email = "danielnevo@gmail.com")
as necessary.
The Description field contains
proportional hazard model, Nevo et al. (2018+) <arXiv:1801.01529>.
Please refer to arXiv e-prints via their arXiv DOI <doi:10.48550/arXiv.YYMM.NNNNN>.
Flavors: r-devel-linux-x86_64-debian-clang, r-devel-linux-x86_64-debian-gcc