CRAN Package Check Results for Package IMD

Last updated on 2025-10-22 09:50:36 CEST.

Flavor Version Tinstall Tcheck Ttotal Status Flags
r-devel-linux-x86_64-debian-clang 1.2.2 5.55 37.45 43.00 NOTE
r-devel-linux-x86_64-debian-gcc 1.2.2 3.41 29.37 32.78 NOTE
r-devel-linux-x86_64-fedora-clang 1.2.2 19.00 42.69 61.69 OK
r-devel-linux-x86_64-fedora-gcc 1.2.2 10.00 47.36 57.36 OK
r-devel-windows-x86_64 1.2.2 7.00 57.00 64.00 OK
r-patched-linux-x86_64 1.2.2 6.22 35.53 41.75 OK
r-release-linux-x86_64 1.2.2 5.82 34.48 40.30 OK
r-release-macos-arm64 1.2.2 3.00 23.00 26.00 OK
r-release-macos-x86_64 1.2.2 5.00 36.00 41.00 OK
r-release-windows-x86_64 1.2.2 7.00 59.00 66.00 OK
r-oldrel-macos-arm64 1.2.2 4.00 23.00 27.00 NOTE
r-oldrel-macos-x86_64 1.2.2 5.00 31.00 36.00 NOTE
r-oldrel-windows-x86_64 1.2.2 10.00 70.00 80.00 OK

Check Details

Version: 1.2.2
Check: HTML version of manual
Result: NOTE Found the following HTML validation problems: calculate_pop_weighted_score.html:63:1 (calculate_pop_weighted_score.Rd:21): Warning: missing </ul> before </div> calculate_proportion.html:64:1 (calculate_proportion.Rd:21): Warning: missing </ul> before </div> Flavors: r-devel-linux-x86_64-debian-clang, r-devel-linux-x86_64-debian-gcc

Version: 1.2.2
Check: installed package size
Result: NOTE installed size is 5.8Mb sub-directories of 1Mb or more: data 5.5Mb Flavors: r-oldrel-macos-arm64, r-oldrel-macos-x86_64