CRAN Package Check Results for Package IMIFA

Last updated on 2025-07-04 09:49:53 CEST.

Flavor Version Tinstall Tcheck Ttotal Status Flags
r-devel-linux-x86_64-debian-clang 2.2.0 23.36 120.53 143.89 NOTE
r-devel-linux-x86_64-debian-gcc 2.2.0 14.92 79.52 94.44 NOTE
r-devel-linux-x86_64-fedora-clang 2.2.0 221.44 OK
r-devel-linux-x86_64-fedora-gcc 2.2.0 225.14 OK
r-devel-windows-x86_64 2.2.0 22.00 116.00 138.00 OK
r-patched-linux-x86_64 2.2.0 22.86 116.38 139.24 OK
r-release-linux-x86_64 2.2.0 20.06 113.38 133.44 OK
r-release-macos-arm64 2.2.0 75.00 OK
r-release-macos-x86_64 2.2.0 135.00 OK
r-release-windows-x86_64 2.2.0 22.00 118.00 140.00 OK
r-oldrel-macos-arm64 2.2.0 57.00 OK
r-oldrel-macos-x86_64 2.2.0 95.00 OK
r-oldrel-windows-x86_64 2.2.0 32.00 149.00 181.00 OK

Check Details

Version: 2.2.0
Check: CRAN incoming feasibility
Result: NOTE Maintainer: ‘Keefe Murphy <keefe.murphy@mu.ie>’ The BugReports field in DESCRIPTION has https://github.com/Keefe-Murphy/IMIFA which should likely be https://github.com/Keefe-Murphy/IMIFA/issues instead. Flavors: r-devel-linux-x86_64-debian-clang, r-devel-linux-x86_64-debian-gcc