Last updated on 2025-10-22 09:50:37 CEST.
Flavor | Version | Tinstall | Tcheck | Ttotal | Status | Flags |
---|---|---|---|---|---|---|
r-devel-linux-x86_64-debian-clang | 0.1.0 | 6.58 | 63.99 | 70.57 | NOTE | |
r-devel-linux-x86_64-debian-gcc | 0.1.0 | 5.82 | 50.42 | 56.24 | NOTE | |
r-devel-linux-x86_64-fedora-clang | 0.1.0 | 11.00 | 98.88 | 109.88 | OK | |
r-devel-linux-x86_64-fedora-gcc | 0.1.0 | 11.00 | 92.40 | 103.40 | OK | |
r-devel-windows-x86_64 | 0.1.0 | 6.00 | 69.00 | 75.00 | OK | |
r-patched-linux-x86_64 | 0.1.0 | 6.93 | 62.73 | 69.66 | OK | |
r-release-linux-x86_64 | 0.1.0 | 6.16 | 62.50 | 68.66 | OK | |
r-release-macos-arm64 | 0.1.0 | 3.00 | 29.00 | 32.00 | OK | |
r-release-macos-x86_64 | 0.1.0 | 6.00 | 51.00 | 57.00 | OK | |
r-release-windows-x86_64 | 0.1.0 | 6.00 | 70.00 | 76.00 | OK | |
r-oldrel-macos-arm64 | 0.1.0 | 3.00 | 32.00 | 35.00 | NOTE | |
r-oldrel-macos-x86_64 | 0.1.0 | 4.00 | 40.00 | 44.00 | NOTE | |
r-oldrel-windows-x86_64 | 0.1.0 | 8.00 | 80.00 | 88.00 | NOTE |
Version: 0.1.0
Check: CRAN incoming feasibility
Result: NOTE
Maintainer: ‘Gunjan Bansal <gunjan.1512@gmail.com>’
No Authors@R field in DESCRIPTION.
Please add one, modifying
Authors@R: c(person(given = "Adarsh",
family = "Anand",
role = "aut"),
person(given = "Gunjan",
family = "Bansal",
role = c("aut", "cre"),
email = "gunjan.1512@gmail.com"))
as necessary.
Flavors: r-devel-linux-x86_64-debian-clang, r-devel-linux-x86_64-debian-gcc
Version: 0.1.0
Check: HTML version of manual
Result: NOTE
Found the following HTML validation problems:
Mat_format.html:54:1 (Mat_format.Rd:14): Warning: missing </ul> before </div>
outputformat.html:46:1 (outputformat.Rd:10): Warning: missing </ul> before </div>
Flavors: r-devel-linux-x86_64-debian-clang, r-devel-linux-x86_64-debian-gcc
Version: 0.1.0
Check: LazyData
Result: NOTE
'LazyData' is specified without a 'data' directory
Flavors: r-oldrel-macos-arm64, r-oldrel-macos-x86_64, r-oldrel-windows-x86_64