Last updated on 2025-10-22 09:50:36 CEST.
Flavor | Version | Tinstall | Tcheck | Ttotal | Status | Flags |
---|---|---|---|---|---|---|
r-devel-linux-x86_64-debian-clang | 2.3.0 | 20.55 | 146.42 | 166.97 | NOTE | |
r-devel-linux-x86_64-debian-gcc | 2.3.0 | 13.57 | 100.01 | 113.58 | NOTE | |
r-devel-linux-x86_64-fedora-clang | 2.3.0 | 46.00 | 203.00 | 249.00 | OK | |
r-devel-linux-x86_64-fedora-gcc | 2.3.0 | 44.00 | 187.87 | 231.87 | OK | |
r-devel-windows-x86_64 | 2.3.0 | 20.00 | 151.00 | 171.00 | OK | |
r-patched-linux-x86_64 | 2.3.0 | 19.72 | 138.87 | 158.59 | OK | |
r-release-linux-x86_64 | 2.3.0 | 20.06 | 139.14 | 159.20 | OK | |
r-release-macos-arm64 | 2.3.0 | 11.00 | 56.00 | 67.00 | OK | |
r-release-macos-x86_64 | 2.3.0 | 22.00 | 99.00 | 121.00 | OK | |
r-release-windows-x86_64 | 2.3.0 | 23.00 | 161.00 | 184.00 | OK | |
r-oldrel-macos-arm64 | 2.3.0 | 10.00 | 54.00 | 64.00 | OK | |
r-oldrel-macos-x86_64 | 2.3.0 | 16.00 | 107.00 | 123.00 | OK | |
r-oldrel-windows-x86_64 | 2.3.0 | 36.00 | 188.00 | 224.00 | OK |
Version: 2.3.0
Check: top-level files
Result: NOTE
Found the following validation problem for the NEWS.Rd HTML conversion:
NEWS.html:696:1 (inst/NEWS.Rd:272): Warning: missing </ul> before </div>
NEWS.html:51:1 (inst/NEWS.Rd:17): Warning: <h4> anchor "NEW-FEATURES" already defined
NEWS.html:208:1 (inst/NEWS.Rd:75): Warning: <h4> anchor "NEW-FEATURES" already defined
NEWS.html:293:1 (inst/NEWS.Rd:109): Warning: <h4> anchor "NEW-FEATURES" already defined
NEWS.html:364:1 (inst/NEWS.Rd:134): Warning: <h4> anchor "USER-LEVEL-CHANGES" already defined
NEWS.html:384:1 (inst/NEWS.Rd:142): Warning: <h4> anchor "FIXED-BUGS" already defined
NEWS.html:395:1 (inst/NEWS.Rd:147): Warning: <h4> anchor "DEPENDENCY-CHANGES" already defined
NEWS.html:414:1 (inst/NEWS.Rd:155): Warning: <h4> anchor "NEW-FEATURES" already defined
NEWS.html:455:1 (inst/NEWS.Rd:170): Warning: <h4> anchor "DEPENDENCY-CHANGES" already defined
NEWS.html:472:1 (inst/NEWS.Rd:177): Warning: <h4> anchor "USER-LEVEL-CHANGES" already defined
NEWS.html:492:1 (inst/NEWS.Rd:186): Warning: <h4> anchor "FIXED-BUGS" already defined
NEWS.html:511:1 (inst/NEWS.Rd:194): Warning: <h4> anchor "NEW-FEATURES" already defined
NEWS.html:528:1 (inst/NEWS.Rd:201): Warning: <h4> anchor "USER-LEVEL-CHANGES" already defined
NEWS.html:557:1 (inst/NEWS.Rd:213): Warning: <h4> anchor "FIXED-BUGS" already defined
NEWS.html:575:1 (inst/NEWS.Rd:221): Warning: <h4> anchor "NEW-FEATURES" already defined
NEWS.html:592:1 (inst/NEWS.Rd:228): Warning: <h4> anchor "FIXED-BUGS" already defined
NEWS.html:627:1 (inst/NEWS.Rd:243): Warning: <h4> anchor "NEW-FEATURES" already defined
NEWS.html:645:1 (inst/NEWS.Rd:251): Warning: <h4> anchor "NEW-FEATURES" already defined
NEWS.html:671:1 (inst/NEWS.Rd:263): Warning: <h4> anchor "NEW-FEATURES" already defined
NEWS.html:682:1 (inst/NEWS.Rd:268): Warning: <h4> anchor "DEPENDENCIES" already defined
Flavors: r-devel-linux-x86_64-debian-clang, r-devel-linux-x86_64-debian-gcc