Last updated on 2025-10-22 09:50:37 CEST.
Flavor | Version | Tinstall | Tcheck | Ttotal | Status | Flags |
---|---|---|---|---|---|---|
r-devel-linux-x86_64-debian-clang | 1.6 | 2.56 | 21.79 | 24.35 | NOTE | |
r-devel-linux-x86_64-debian-gcc | 1.6 | 1.76 | 17.47 | 19.23 | NOTE | |
r-devel-linux-x86_64-fedora-clang | 1.6 | 34.25 | OK | |||
r-devel-linux-x86_64-fedora-gcc | 1.6 | 34.90 | OK | |||
r-devel-windows-x86_64 | 1.6 | 4.00 | 38.00 | 42.00 | OK | |
r-patched-linux-x86_64 | 1.6 | 2.81 | 21.18 | 23.99 | OK | |
r-release-linux-x86_64 | 1.6 | 2.39 | 20.92 | 23.31 | OK | |
r-release-macos-arm64 | 1.6 | 1.00 | 25.00 | 26.00 | OK | |
r-release-macos-x86_64 | 1.6 | 2.00 | 23.00 | 25.00 | OK | |
r-release-windows-x86_64 | 1.6 | 7.00 | 59.00 | 66.00 | OK | |
r-oldrel-macos-arm64 | 1.6 | 2.00 | 21.00 | 23.00 | OK | |
r-oldrel-macos-x86_64 | 1.6 | 2.00 | 28.00 | 30.00 | OK | |
r-oldrel-windows-x86_64 | 1.6 | 6.00 | 48.00 | 54.00 | OK |
Version: 1.6
Check: HTML version of manual
Result: NOTE
Found the following HTML validation problems:
show-powerLongSurv-method.html:47:1 (show-powerLongSurv-method.Rd:11): Warning: missing </ul> before </div>
Flavors: r-devel-linux-x86_64-debian-clang, r-devel-linux-x86_64-debian-gcc